Last updated on 2023-01-30 00:31:17 CET.
Flavor | Version | Tinstall | Tcheck | Ttotal | Status | Flags |
---|---|---|---|---|---|---|
r-devel-linux-x86_64-debian-clang | 1.2.6 | 37.16 | 224.14 | 261.30 | OK | |
r-devel-linux-x86_64-debian-gcc | 1.2.6 | 28.98 | 168.10 | 197.08 | OK | |
r-devel-linux-x86_64-fedora-clang | 1.2.6 | 343.81 | NOTE | |||
r-devel-linux-x86_64-fedora-gcc | 1.2.6 | 340.13 | NOTE | |||
r-devel-windows-x86_64 | 1.2.6 | 73.00 | 293.00 | 366.00 | OK | |
r-patched-linux-x86_64 | 1.2.6 | 33.44 | 214.78 | 248.22 | OK | |
r-release-linux-x86_64 | 1.2.6 | 31.11 | 216.02 | 247.13 | OK | |
r-release-macos-arm64 | 1.2.6 | 93.00 | NOTE | |||
r-release-macos-x86_64 | 1.2.6 | 153.00 | NOTE | |||
r-release-windows-x86_64 | 1.2.6 | 109.00 | 274.00 | 383.00 | OK | |
r-oldrel-macos-arm64 | 1.2.6 | 114.00 | NOTE | |||
r-oldrel-macos-x86_64 | 1.2.6 | 139.00 | NOTE | |||
r-oldrel-windows-ix86+x86_64 | 1.2.6 | 84.00 | 308.00 | 392.00 | OK |
Version: 1.2.6
Check: dependencies in R code
Result: NOTE
Namespaces in Imports field not imported from:
‘bookdown’ ‘kableExtra’ ‘knitr’
All declared Imports should be used.
Flavors: r-devel-linux-x86_64-fedora-clang, r-devel-linux-x86_64-fedora-gcc, r-release-macos-arm64, r-release-macos-x86_64, r-oldrel-macos-arm64, r-oldrel-macos-x86_64