CRAN Package Check Results for Package maq

Last updated on 2024-06-14 00:53:48 CEST.

Flavor Version Tinstall Tcheck Ttotal Status Flags
r-devel-linux-x86_64-debian-clang 0.4.0 39.91 33.91 73.82 NOTE
r-devel-linux-x86_64-debian-gcc 0.4.0 30.18 24.86 55.04 ERROR
r-devel-linux-x86_64-fedora-clang 0.4.0 105.07 NOTE
r-devel-linux-x86_64-fedora-gcc 0.4.0 108.34 NOTE
r-devel-windows-x86_64 0.4.0 30.00 71.00 101.00 NOTE
r-patched-linux-x86_64 0.4.0 36.39 32.71 69.10 NOTE
r-release-linux-x86_64 0.4.0 36.07 31.66 67.73 NOTE
r-release-macos-arm64 0.4.0 30.00 NOTE
r-release-macos-x86_64 0.4.0 64.00 NOTE
r-release-windows-x86_64 0.4.0 31.00 71.00 102.00 NOTE
r-oldrel-macos-arm64 0.4.0 36.00 NOTE
r-oldrel-macos-x86_64 0.4.0 75.00 NOTE
r-oldrel-windows-x86_64 0.4.0 30.00 81.00 111.00 NOTE

Check Details

Version: 0.4.0
Check: for GNU extensions in Makefiles
Result: NOTE GNU make is a SystemRequirements. Flavors: r-devel-linux-x86_64-debian-clang, r-devel-linux-x86_64-debian-gcc, r-devel-linux-x86_64-fedora-clang, r-devel-linux-x86_64-fedora-gcc, r-devel-windows-x86_64, r-patched-linux-x86_64, r-release-linux-x86_64, r-release-macos-arm64, r-release-macos-x86_64, r-release-windows-x86_64, r-oldrel-macos-arm64, r-oldrel-macos-x86_64, r-oldrel-windows-x86_64

Version: 0.4.0
Check: package dependencies
Result: NOTE Package suggested but not available for checking: ‘testthat’ Flavor: r-devel-linux-x86_64-debian-gcc

Version: 0.4.0
Check: tests
Result: ERROR Running ‘testthat.R’ [0s/1s] Running the tests in ‘tests/testthat.R’ failed. Complete output: > # This file is part of the standard setup for testthat. > # It is recommended that you do not modify it. > # > # Where should you do additional test configuration? > # Learn more about the roles of various files in: > # * https://r-pkgs.org/tests.html > # * https://testthat.r-lib.org/reference/test_package.html#special-files > > library(testthat) Error in library(testthat) : there is no package called 'testthat' Execution halted Flavor: r-devel-linux-x86_64-debian-gcc

Version: 0.4.0
Check: installed package size
Result: NOTE installed size is 6.1Mb sub-directories of 1Mb or more: libs 6.0Mb Flavors: r-release-macos-arm64, r-release-macos-x86_64, r-oldrel-macos-arm64, r-oldrel-macos-x86_64