CRAN Package Check Results for Package mapsFinland

Last updated on 2021-10-19 23:53:01 CEST.

Flavor Version Tinstall Tcheck Ttotal Status Flags
r-devel-linux-x86_64-debian-clang 0.1.1 3.24 21.36 24.60 OK
r-devel-linux-x86_64-debian-gcc 0.1.1 3.21 16.71 19.92 OK
r-devel-linux-x86_64-fedora-clang 0.1.1 41.55 NOTE
r-devel-linux-x86_64-fedora-gcc 0.1.1 30.58 NOTE
r-devel-windows-x86_64 0.1.1 7.00 38.00 45.00 OK
r-devel-windows-x86_64-gcc10-UCRT 0.1.1 NOTE
r-patched-linux-x86_64 0.1.1 3.68 20.23 23.91 OK
r-patched-solaris-x86 0.1.1 46.70 NOTE
r-release-linux-x86_64 0.1.1 3.72 21.17 24.89 OK
r-release-macos-arm64 0.1.1 NOTE
r-release-macos-x86_64 0.1.1 NOTE
r-release-windows-ix86+x86_64 0.1.1 6.00 39.00 45.00 OK
r-oldrel-macos-x86_64 0.1.1 NOTE
r-oldrel-windows-ix86+x86_64 0.1.1 8.00 40.00 48.00 OK

Check Details

Version: 0.1.1
Check: data for non-ASCII characters
Result: NOTE
     Note: found 996 marked UTF-8 strings
Flavors: r-devel-linux-x86_64-fedora-clang, r-devel-linux-x86_64-fedora-gcc, r-devel-windows-x86_64-gcc10-UCRT, r-patched-solaris-x86, r-release-macos-arm64, r-release-macos-x86_64, r-oldrel-macos-x86_64