Last updated on 2023-04-02 00:57:39 CEST.
Flavor | Version | Tinstall | Tcheck | Ttotal | Status | Flags |
---|---|---|---|---|---|---|
r-devel-linux-x86_64-debian-clang | 1.0.0 | 117.85 | 110.80 | 228.65 | OK | |
r-devel-linux-x86_64-debian-gcc | 1.0.0 | 88.78 | 85.71 | 174.49 | OK | |
r-devel-linux-x86_64-fedora-clang | 1.0.0 | 304.79 | OK | |||
r-devel-linux-x86_64-fedora-gcc | 1.0.0 | 306.14 | OK | |||
r-devel-windows-x86_64 | 1.0.0 | 128.00 | 54.00 | 182.00 | FAIL | |
r-patched-linux-x86_64 | 1.0.0 | 103.43 | 104.93 | 208.36 | OK | |
r-release-linux-x86_64 | 1.0.0 | 92.28 | 100.72 | 193.00 | OK | |
r-release-macos-arm64 | 1.0.0 | 40.00 | ERROR | |||
r-release-macos-x86_64 | 1.0.0 | 99.00 | NOTE | |||
r-release-windows-x86_64 | 1.0.0 | 112.00 | 165.00 | 277.00 | OK | |
r-oldrel-macos-arm64 | 1.0.0 | 80.00 | NOTE | |||
r-oldrel-macos-x86_64 | 1.0.0 | 96.00 | NOTE | |||
r-oldrel-windows-ix86+x86_64 | 1.0.0 | 244.00 | 193.00 | 437.00 | OK |
Version: 1.0.0
Check: for missing documentation entries
Result: FAIL
Flavor: r-devel-windows-x86_64
Version: 1.0.0
Check: whether package can be installed
Result: ERROR
Installation failed.
Flavor: r-release-macos-arm64
Version: 1.0.0
Check: installed package size
Result: NOTE
installed size is 5.4Mb
sub-directories of 1Mb or more:
libs 4.8Mb
Flavors: r-release-macos-x86_64, r-oldrel-macos-arm64, r-oldrel-macos-x86_64