CRAN Package Check Results for Package mapSpain

Last updated on 2021-09-15 23:49:49 CEST.

Flavor Version Tinstall Tcheck Ttotal Status Flags
r-devel-linux-x86_64-debian-clang 0.3.1 8.51 351.50 360.01 OK
r-devel-linux-x86_64-debian-gcc 0.3.1 6.91 241.41 248.32 OK
r-devel-linux-x86_64-fedora-clang 0.3.1 412.96 NOTE
r-devel-linux-x86_64-fedora-gcc 0.3.1 409.41 NOTE
r-devel-windows-x86_64 0.3.1 10.00 145.00 155.00 OK
r-devel-windows-x86_64-gcc10-UCRT 0.3.1 NOTE
r-patched-linux-x86_64 0.3.1 9.41 317.21 326.62 OK
r-patched-solaris-x86 0.3.1 504.70 NOTE
r-release-linux-x86_64 0.3.1 8.00 319.56 327.56 OK
r-release-macos-arm64 0.3.1 NOTE
r-release-macos-x86_64 0.3.1 NOTE
r-release-windows-ix86+x86_64 0.3.0 19.00 145.00 164.00 OK
r-oldrel-macos-x86_64 0.3.1 NOTE
r-oldrel-windows-ix86+x86_64 0.3.1 21.00 204.00 225.00 OK

Check Details

Version: 0.3.1
Check: data for non-ASCII characters
Result: NOTE
     Note: found 13084 marked UTF-8 strings
Flavors: r-devel-linux-x86_64-fedora-clang, r-devel-linux-x86_64-fedora-gcc, r-devel-windows-x86_64-gcc10-UCRT, r-patched-solaris-x86, r-release-macos-arm64, r-release-macos-x86_64, r-oldrel-macos-x86_64