CRAN Package Check Results for Package mand

Last updated on 2021-10-15 23:50:34 CEST.

Flavor Version Tinstall Tcheck Ttotal Status Flags
r-devel-linux-x86_64-debian-clang 1.0 18.33 215.87 234.20 OK
r-devel-linux-x86_64-debian-gcc 1.0 13.79 155.80 169.59 OK
r-devel-linux-x86_64-fedora-clang 1.0 301.81 NOTE
r-devel-linux-x86_64-fedora-gcc 1.0 271.26 OK
r-devel-windows-x86_64 1.0 32.00 213.00 245.00 NOTE
r-devel-windows-x86_64-gcc10-UCRT 1.0 OK
r-patched-linux-x86_64 1.0 18.65 213.56 232.21 OK
r-patched-solaris-x86 1.0 298.00 NOTE
r-release-linux-x86_64 1.0 16.51 212.21 228.72 OK
r-release-macos-arm64 1.0 NOTE
r-release-macos-x86_64 1.0 NOTE
r-release-windows-ix86+x86_64 1.0 40.00 278.00 318.00 NOTE
r-oldrel-macos-x86_64 1.0 NOTE
r-oldrel-windows-ix86+x86_64 1.0 41.00 282.00 323.00 NOTE

Check Details

Version: 1.0
Check: installed package size
Result: NOTE
     installed size is 7.2Mb
     sub-directories of 1Mb or more:
     doc 6.7Mb
Flavors: r-devel-linux-x86_64-fedora-clang, r-devel-windows-x86_64, r-patched-solaris-x86, r-release-macos-arm64, r-release-macos-x86_64, r-release-windows-ix86+x86_64, r-oldrel-macos-x86_64, r-oldrel-windows-ix86+x86_64