CRAN Package Check Results for Package maczic

Last updated on 2022-11-29 22:53:40 CET.

Flavor Version Tinstall Tcheck Ttotal Status Flags
r-devel-linux-x86_64-debian-clang 0.2.0 24.20 184.88 209.08 OK
r-devel-linux-x86_64-debian-gcc 0.2.0 20.58 137.36 157.94 OK
r-devel-linux-x86_64-fedora-clang 0.2.0 267.04 NOTE
r-devel-linux-x86_64-fedora-gcc 0.2.0 254.33 NOTE
r-devel-windows-x86_64 0.2.0 29.00 201.00 230.00 OK
r-patched-linux-x86_64 0.2.0 28.84 169.33 198.17 OK
r-release-linux-x86_64 0.2.0 20.29 172.90 193.19 OK
r-release-macos-arm64 0.2.0 68.00 NOTE
r-release-macos-x86_64 0.2.0 114.00 NOTE
r-release-windows-x86_64 0.2.0 28.00 192.00 220.00 OK
r-oldrel-macos-arm64 0.2.0 60.00 NOTE
r-oldrel-macos-x86_64 0.2.0 130.00 NOTE
r-oldrel-windows-ix86+x86_64 0.2.0 49.00 188.00 237.00 OK

Check Details

Version: 0.2.0
Check: dependencies in R code
Result: NOTE
    Namespace in Imports field not imported from: ‘mathjaxr’
     All declared Imports should be used.
Flavors: r-devel-linux-x86_64-fedora-clang, r-devel-linux-x86_64-fedora-gcc, r-release-macos-arm64, r-release-macos-x86_64, r-oldrel-macos-arm64, r-oldrel-macos-x86_64