CRAN Package Check Results for Package macrocol

Last updated on 2023-06-09 00:54:26 CEST.

Flavor Version Tinstall Tcheck Ttotal Status Flags
r-devel-linux-x86_64-debian-clang 0.1.0 2.52 21.09 23.61 OK
r-devel-linux-x86_64-debian-gcc 0.1.0 1.88 17.49 19.37 OK
r-devel-linux-x86_64-fedora-clang 0.1.0 30.54 NOTE
r-devel-linux-x86_64-fedora-gcc 0.1.0 29.46 NOTE
r-devel-windows-x86_64 0.1.0 4.00 40.00 44.00 OK
r-patched-linux-x86_64 0.1.0 2.29 21.51 23.80 OK
r-release-linux-x86_64 0.1.0 2.28 20.85 23.13 OK
r-release-macos-arm64 0.1.0 15.00 OK
r-release-macos-x86_64 0.1.0 17.00 OK
r-release-windows-x86_64 0.1.0 4.00 41.00 45.00 OK
r-oldrel-macos-arm64 0.1.0 15.00 NOTE
r-oldrel-macos-x86_64 0.1.0 20.00 NOTE
r-oldrel-windows-x86_64 0.1.0 5.00 43.00 48.00 OK

Check Details

Version: 0.1.0
Check: dependencies in R code
Result: NOTE
    Namespace in Imports field not imported from: ‘R.utils’
     All declared Imports should be used.
Flavors: r-devel-linux-x86_64-fedora-clang, r-devel-linux-x86_64-fedora-gcc, r-oldrel-macos-arm64, r-oldrel-macos-x86_64