CRAN Package Check Results for Package mStats

Last updated on 2022-09-27 23:55:39 CEST.

Flavor Version Tinstall Tcheck Ttotal Status Flags
r-devel-linux-x86_64-debian-clang 3.4.0 5.85 39.24 45.09 NOTE
r-devel-linux-x86_64-debian-gcc 3.4.0 4.28 29.42 33.70 NOTE
r-devel-linux-x86_64-fedora-clang 3.4.0 67.05 NOTE
r-devel-linux-x86_64-fedora-gcc 3.4.0 63.42 NOTE
r-devel-windows-x86_64 3.4.0 20.00 70.00 90.00 NOTE
r-patched-linux-x86_64 3.4.0 6.08 36.13 42.21 NOTE
r-release-linux-x86_64 3.4.0 5.19 35.59 40.78 NOTE
r-release-macos-arm64 3.4.0 18.00 NOTE
r-release-macos-x86_64 3.4.0 27.00 NOTE
r-release-windows-x86_64 3.4.0 12.00 63.00 75.00 NOTE
r-oldrel-macos-arm64 3.4.0 24.00 NOTE
r-oldrel-macos-x86_64 3.4.0 39.00 NOTE
r-oldrel-windows-ix86+x86_64 3.4.0 10.00 60.00 70.00 NOTE

Check Details

Version: 3.4.0
Check: LazyData
Result: NOTE
     'LazyData' is specified without a 'data' directory
Flavors: r-devel-linux-x86_64-debian-clang, r-devel-linux-x86_64-debian-gcc, r-devel-linux-x86_64-fedora-clang, r-devel-linux-x86_64-fedora-gcc, r-devel-windows-x86_64, r-patched-linux-x86_64, r-release-linux-x86_64, r-release-macos-arm64, r-release-macos-x86_64, r-release-windows-x86_64, r-oldrel-macos-arm64, r-oldrel-macos-x86_64, r-oldrel-windows-ix86+x86_64

Version: 3.4.0
Check: dependencies in R code
Result: NOTE
    Namespace in Imports field not imported from: ‘utils’
     All declared Imports should be used.
Flavors: r-devel-linux-x86_64-fedora-clang, r-devel-linux-x86_64-fedora-gcc, r-release-macos-arm64, r-release-macos-x86_64, r-oldrel-macos-arm64, r-oldrel-macos-x86_64