CRAN Package Check Results for Package mMPA

Last updated on 2022-09-28 23:55:48 CEST.

Flavor Version Tinstall Tcheck Ttotal Status Flags
r-devel-linux-x86_64-debian-clang 1.2.0 2.14 24.52 26.66 NOTE
r-devel-linux-x86_64-debian-gcc 1.2.0 1.39 19.52 20.91 NOTE
r-devel-linux-x86_64-fedora-clang 1.2.0 46.32 NOTE
r-devel-linux-x86_64-fedora-gcc 1.2.0 42.39 NOTE
r-devel-windows-x86_64 1.2.0 12.00 54.00 66.00 NOTE
r-patched-linux-x86_64 1.2.0 2.05 23.74 25.79 NOTE
r-release-linux-x86_64 1.2.0 1.74 23.90 25.64 NOTE
r-release-macos-arm64 1.2.0 17.00 NOTE
r-release-macos-x86_64 1.2.0 21.00 NOTE
r-release-windows-x86_64 1.2.0 6.00 53.00 59.00 NOTE
r-oldrel-macos-arm64 1.2.0 18.00 NOTE
r-oldrel-macos-x86_64 1.2.0 26.00 NOTE
r-oldrel-windows-ix86+x86_64 1.2.0 6.00 50.00 56.00 NOTE

Check Details

Version: 1.2.0
Check: LazyData
Result: NOTE
     'LazyData' is specified without a 'data' directory
Flavors: r-devel-linux-x86_64-debian-clang, r-devel-linux-x86_64-debian-gcc, r-devel-linux-x86_64-fedora-clang, r-devel-linux-x86_64-fedora-gcc, r-devel-windows-x86_64, r-patched-linux-x86_64, r-release-linux-x86_64, r-release-macos-arm64, r-release-macos-x86_64, r-release-windows-x86_64, r-oldrel-macos-arm64, r-oldrel-macos-x86_64, r-oldrel-windows-ix86+x86_64