CRAN Package Check Results for Package mMPA

Last updated on 2021-10-24 23:51:54 CEST.

Flavor Version Tinstall Tcheck Ttotal Status Flags
r-devel-linux-x86_64-debian-clang 1.2.0 1.73 21.77 23.50 NOTE
r-devel-linux-x86_64-debian-gcc 1.2.0 1.50 17.53 19.03 NOTE
r-devel-linux-x86_64-fedora-clang 1.2.0 40.12 NOTE
r-devel-linux-x86_64-fedora-gcc 1.2.0 29.50 NOTE
r-devel-windows-x86_64 1.2.0 4.00 42.00 46.00 NOTE
r-devel-windows-x86_64-gcc10-UCRT 1.2.0 NOTE
r-patched-linux-x86_64 1.2.0 1.91 21.41 23.32 NOTE
r-patched-solaris-x86 1.2.0 45.60 NOTE
r-release-linux-x86_64 1.2.0 1.76 21.19 22.95 NOTE
r-release-macos-arm64 1.2.0 NOTE
r-release-macos-x86_64 1.2.0 NOTE
r-release-windows-ix86+x86_64 1.2.0 5.00 38.00 43.00 NOTE
r-oldrel-macos-x86_64 1.2.0 OK
r-oldrel-windows-ix86+x86_64 1.2.0 5.00 39.00 44.00 OK

Check Details

Version: 1.2.0
Check: LazyData
Result: NOTE
     'LazyData' is specified without a 'data' directory
Flavors: r-devel-linux-x86_64-debian-clang, r-devel-linux-x86_64-debian-gcc, r-devel-linux-x86_64-fedora-clang, r-devel-linux-x86_64-fedora-gcc, r-devel-windows-x86_64, r-devel-windows-x86_64-gcc10-UCRT, r-patched-linux-x86_64, r-patched-solaris-x86, r-release-linux-x86_64, r-release-macos-arm64, r-release-macos-x86_64, r-release-windows-ix86+x86_64