Last updated on 2023-06-10 00:54:50 CEST.
Flavor | Version | Tinstall | Tcheck | Ttotal | Status | Flags |
---|---|---|---|---|---|---|
r-devel-linux-x86_64-debian-clang | 1.2.2 | 55.74 | 181.59 | 237.33 | NOTE | |
r-devel-linux-x86_64-debian-gcc | 1.2.2 | 45.21 | 136.51 | 181.72 | NOTE | |
r-devel-linux-x86_64-fedora-clang | 1.2.2 | 336.36 | NOTE | |||
r-devel-linux-x86_64-fedora-gcc | 1.2.2 | 312.75 | NOTE | |||
r-devel-windows-x86_64 | 1.2.2 | 45.00 | 159.00 | 204.00 | NOTE | |
r-patched-linux-x86_64 | 1.2.2 | 47.77 | 171.10 | 218.87 | NOTE | |
r-release-linux-x86_64 | 1.2.2 | 44.52 | 170.09 | 214.61 | NOTE | |
r-release-macos-arm64 | 1.2.2 | 75.00 | NOTE | |||
r-release-macos-x86_64 | 1.2.2 | 128.00 | NOTE | |||
r-release-windows-x86_64 | 1.2.2 | 57.00 | 195.00 | 252.00 | NOTE | |
r-oldrel-macos-arm64 | 1.2.2 | 76.00 | OK | |||
r-oldrel-macos-x86_64 | 1.2.2 | 119.00 | OK | |||
r-oldrel-windows-x86_64 | 1.2.2 | 57.00 | 187.00 | 244.00 | OK |
Version: 1.2.2
Check: C++ specification
Result: NOTE
Specified C++11: please drop specification unless essential
Flavors: r-devel-linux-x86_64-debian-clang, r-devel-linux-x86_64-debian-gcc, r-devel-linux-x86_64-fedora-clang, r-devel-linux-x86_64-fedora-gcc, r-devel-windows-x86_64, r-patched-linux-x86_64, r-release-linux-x86_64, r-release-macos-arm64, r-release-macos-x86_64, r-release-windows-x86_64