Last updated on 2023-01-30 23:56:23 CET.
Flavor | Version | Tinstall | Tcheck | Ttotal | Status | Flags |
---|---|---|---|---|---|---|
r-devel-linux-x86_64-debian-clang | 1.0.2 | 30.05 | 78.53 | 108.58 | NOTE | |
r-devel-linux-x86_64-debian-gcc | 1.0.2 | 26.03 | 57.63 | 83.66 | NOTE | |
r-devel-linux-x86_64-fedora-clang | 1.0.2 | 151.78 | NOTE | |||
r-devel-linux-x86_64-fedora-gcc | 1.0.2 | 147.66 | NOTE | |||
r-devel-windows-x86_64 | 1.0.2 | 62.00 | 131.00 | 193.00 | NOTE | |
r-patched-linux-x86_64 | 1.0.2 | 35.19 | 77.47 | 112.66 | NOTE | |
r-release-linux-x86_64 | 1.0.2 | 29.05 | 76.08 | 105.13 | NOTE | |
r-release-macos-arm64 | 1.0.2 | 39.00 | NOTE | |||
r-release-macos-x86_64 | 1.0.2 | 74.00 | NOTE | |||
r-release-windows-x86_64 | 1.0.2 | 66.00 | 132.00 | 198.00 | NOTE | |
r-oldrel-macos-arm64 | 1.0.2 | 48.00 | NOTE | |||
r-oldrel-macos-x86_64 | 1.0.2 | 67.00 | NOTE | |||
r-oldrel-windows-ix86+x86_64 | 1.0.2 | 81.00 | 146.00 | 227.00 | NOTE |
Version: 1.0.2
Check: LazyData
Result: NOTE
'LazyData' is specified without a 'data' directory
Flavors: r-devel-linux-x86_64-debian-clang, r-devel-linux-x86_64-debian-gcc, r-devel-linux-x86_64-fedora-clang, r-devel-linux-x86_64-fedora-gcc, r-devel-windows-x86_64, r-patched-linux-x86_64, r-release-linux-x86_64, r-release-macos-arm64, r-release-macos-x86_64, r-release-windows-x86_64, r-oldrel-macos-arm64, r-oldrel-macos-x86_64, r-oldrel-windows-ix86+x86_64