Last updated on 2023-01-28 23:51:43 CET.
Flavor | Version | Tinstall | Tcheck | Ttotal | Status | Flags |
---|---|---|---|---|---|---|
r-devel-linux-x86_64-debian-clang | 1.2 | 86.99 | 38.73 | 125.72 | OK | |
r-devel-linux-x86_64-debian-gcc | 1.2 | 67.96 | 28.92 | 96.88 | NOTE | |
r-devel-linux-x86_64-fedora-clang | 1.2 | 192.22 | OK | |||
r-devel-linux-x86_64-fedora-gcc | 1.2 | 172.80 | NOTE | |||
r-devel-windows-x86_64 | 1.2 | 82.00 | 92.00 | 174.00 | OK | |
r-patched-linux-x86_64 | 1.2 | 66.98 | 37.33 | 104.31 | OK | |
r-release-linux-x86_64 | 1.2 | 77.22 | 37.26 | 114.48 | OK | |
r-release-macos-arm64 | 1.2 | 41.00 | OK | |||
r-release-macos-x86_64 | 1.2 | 58.00 | OK | |||
r-release-windows-x86_64 | 1.2 | 71.00 | 97.00 | 168.00 | OK | |
r-oldrel-macos-arm64 | 1.2 | 41.00 | NOTE | |||
r-oldrel-macos-x86_64 | 1.2 | 86.00 | OK | |||
r-oldrel-windows-ix86+x86_64 | 1.2 | 208.00 | 106.00 | 314.00 | OK |
Version: 1.2
Check: C++ specification
Result: NOTE
Specified C++11: please update to current default of C++17
Flavors: r-devel-linux-x86_64-debian-gcc, r-devel-linux-x86_64-fedora-gcc
Version: 1.2
Check: installed package size
Result: NOTE
installed size is 5.3Mb
sub-directories of 1Mb or more:
libs 5.2Mb
Flavor: r-oldrel-macos-arm64