Last updated on 2023-01-27 23:38:02 CET.
Flavor | Version | Tinstall | Tcheck | Ttotal | Status | Flags |
---|---|---|---|---|---|---|
r-devel-linux-x86_64-debian-clang | 0.1.0 | 92.75 | 171.30 | 264.05 | OK | |
r-devel-linux-x86_64-debian-gcc | 0.1.0 | 71.36 | 130.25 | 201.61 | NOTE | |
r-devel-linux-x86_64-fedora-clang | 0.1.0 | 364.12 | OK | |||
r-devel-linux-x86_64-fedora-gcc | 0.1.0 | 364.09 | NOTE | |||
r-devel-windows-x86_64 | 0.1.0 | 81.00 | 233.00 | 314.00 | OK | |
r-patched-linux-x86_64 | 0.1.0 | 74.83 | 165.65 | 240.48 | OK | |
r-release-linux-x86_64 | 0.1.0 | 73.27 | 170.61 | 243.88 | OK | |
r-release-macos-arm64 | 0.1.0 | 101.00 | OK | |||
r-release-macos-x86_64 | 0.1.0 | 122.00 | OK | |||
r-release-windows-x86_64 | 0.1.0 | 73.00 | 231.00 | 304.00 | OK | |
r-oldrel-macos-arm64 | 0.1.0 | 102.00 | NOTE | |||
r-oldrel-macos-x86_64 | 0.1.0 | 186.00 | OK | |||
r-oldrel-windows-ix86+x86_64 | 0.1.0 | 215.00 | 251.00 | 466.00 | OK |
Version: 0.1.0
Check: C++ specification
Result: NOTE
Specified C++11: please update to current default of C++17
Flavors: r-devel-linux-x86_64-debian-gcc, r-devel-linux-x86_64-fedora-gcc
Version: 0.1.0
Check: installed package size
Result: NOTE
installed size is 5.6Mb
sub-directories of 1Mb or more:
libs 5.2Mb
Flavor: r-oldrel-macos-arm64