CRAN Package Check Results for Package lterpalettefinder

Last updated on 2024-06-14 00:53:48 CEST.

Flavor Version Tinstall Tcheck Ttotal Status Flags
r-devel-linux-x86_64-debian-clang 1.1.0 2.57 48.71 51.28 OK
r-devel-linux-x86_64-debian-gcc 1.1.0 0.58 1.66 2.24 ERROR
r-devel-linux-x86_64-fedora-clang 1.1.0 66.38 NOTE
r-devel-linux-x86_64-fedora-gcc 1.1.0 73.72 NOTE
r-devel-windows-x86_64 1.1.0 4.00 68.00 72.00 OK
r-patched-linux-x86_64 1.1.0 3.50 46.64 50.14 OK
r-release-linux-x86_64 1.1.0 2.34 47.08 49.42 OK
r-release-macos-arm64 1.1.0 32.00 OK
r-release-macos-x86_64 1.1.0 45.00 OK
r-release-windows-x86_64 1.1.0 4.00 60.00 64.00 OK
r-oldrel-macos-arm64 1.1.0 32.00 OK
r-oldrel-macos-x86_64 1.1.0 38.00 OK
r-oldrel-windows-x86_64 1.1.0 5.00 63.00 68.00 OK

Check Details

Version: 1.1.0
Check: package dependencies
Result: ERROR Packages required but not available: 'dplyr', 'ggplot2', 'magick', 'tidyr' Package suggested but not available for checking: ‘testthat’ See section ‘The DESCRIPTION file’ in the ‘Writing R Extensions’ manual. Flavor: r-devel-linux-x86_64-debian-gcc

Version: 1.1.0
Check: data for non-ASCII characters
Result: NOTE Note: found 1 marked UTF-8 string Flavors: r-devel-linux-x86_64-fedora-clang, r-devel-linux-x86_64-fedora-gcc