CRAN Package Check Results for Package lsbclust

Last updated on 2024-06-20 00:59:35 CEST.

Flavor Version Tinstall Tcheck Ttotal Status Flags
r-devel-linux-x86_64-debian-clang 1.1 49.31 105.04 154.35 NOTE
r-devel-linux-x86_64-debian-gcc 1.1 30.05 74.17 104.22 NOTE
r-devel-linux-x86_64-fedora-clang 1.1 203.93 NOTE
r-devel-linux-x86_64-fedora-gcc 1.1 193.13 NOTE
r-devel-windows-x86_64 1.1 39.00 109.00 148.00 NOTE
r-patched-linux-x86_64 1.1 44.61 98.08 142.69 NOTE
r-release-linux-x86_64 1.1 41.58 99.03 140.61 NOTE
r-release-macos-arm64 1.1 49.00 NOTE
r-release-macos-x86_64 1.1 68.00 NOTE
r-release-windows-x86_64 1.1 39.00 112.00 151.00 NOTE
r-oldrel-macos-arm64 1.1 57.00 OK
r-oldrel-macos-x86_64 1.1 87.00 OK
r-oldrel-windows-x86_64 1.1 49.00 131.00 180.00 OK

Check Details

Version: 1.1
Check: Rd files
Result: NOTE checkRd: (-1) plot.int.lsbclust.Rd:112: Lost braces 112 | \code{"rows"} and code{"columns"}.} | ^ Flavors: r-devel-linux-x86_64-debian-clang, r-devel-linux-x86_64-debian-gcc, r-devel-linux-x86_64-fedora-clang, r-devel-linux-x86_64-fedora-gcc, r-devel-windows-x86_64, r-patched-linux-x86_64, r-release-linux-x86_64, r-release-macos-arm64, r-release-macos-x86_64, r-release-windows-x86_64