CRAN Package Check Results for Package lotri

Last updated on 2021-10-15 23:50:34 CEST.

Flavor Version Tinstall Tcheck Ttotal Status Flags
r-devel-linux-x86_64-debian-clang 0.3.1 4.19 35.42 39.61 NOTE
r-devel-linux-x86_64-debian-gcc 0.3.1 3.05 27.74 30.79 NOTE
r-devel-linux-x86_64-fedora-clang 0.3.1 58.49 NOTE
r-devel-linux-x86_64-fedora-gcc 0.3.1 48.38 NOTE
r-devel-windows-x86_64 0.3.1 8.00 44.00 52.00 NOTE
r-devel-windows-x86_64-gcc10-UCRT 0.3.1 NOTE
r-patched-linux-x86_64 0.3.1 3.88 33.92 37.80 NOTE
r-patched-solaris-x86 0.3.1 72.70 NOTE
r-release-linux-x86_64 0.3.1 3.55 33.53 37.08 NOTE
r-release-macos-arm64 0.3.1 NOTE
r-release-macos-x86_64 0.3.1 NOTE
r-release-windows-ix86+x86_64 0.3.1 15.00 64.00 79.00 NOTE
r-oldrel-macos-x86_64 0.3.1 OK
r-oldrel-windows-ix86+x86_64 0.3.1 15.00 69.00 84.00 OK

Check Details

Version: 0.3.1
Check: LazyData
Result: NOTE
     'LazyData' is specified without a 'data' directory
Flavors: r-devel-linux-x86_64-debian-clang, r-devel-linux-x86_64-debian-gcc, r-devel-linux-x86_64-fedora-clang, r-devel-linux-x86_64-fedora-gcc, r-devel-windows-x86_64, r-devel-windows-x86_64-gcc10-UCRT, r-patched-linux-x86_64, r-patched-solaris-x86, r-release-linux-x86_64, r-release-macos-arm64, r-release-macos-x86_64, r-release-windows-ix86+x86_64