CRAN Package Check Results for Package longitudinalData

Last updated on 2021-05-15 23:49:19 CEST.

Flavor Version Tinstall Tcheck Ttotal Status Flags
r-devel-linux-x86_64-debian-clang 2.4.1 16.04 86.75 102.79 NOTE
r-devel-linux-x86_64-debian-gcc 2.4.1 10.71 66.54 77.25 NOTE
r-devel-linux-x86_64-fedora-clang 2.4.1 136.63 NOTE
r-devel-linux-x86_64-fedora-gcc 2.4.1 124.52 NOTE
r-devel-windows-ix86+x86_64 2.4.1 29.00 76.00 105.00 OK
r-devel-windows-x86_64-gcc10-UCRT 2.4.1 OK
r-patched-linux-x86_64 2.4.1 16.27 85.80 102.07 NOTE
r-patched-solaris-x86 2.4.1 145.90 NOTE
r-release-linux-x86_64 2.4.1 13.84 83.38 97.22 NOTE
r-release-macos-x86_64 2.4.1 OK
r-release-windows-ix86+x86_64 2.4.1 17.00 100.00 117.00 OK
r-oldrel-macos-x86_64 2.4.1 WARN
r-oldrel-windows-ix86+x86_64 2.4.1 16.00 101.00 117.00 OK

Check Details

Version: 2.4.1
Check: for non-standard things in the check directory
Result: NOTE
    Found the following files/directories:
     'main.tex' 'scene.asy'
Flavors: r-devel-linux-x86_64-debian-clang, r-devel-linux-x86_64-debian-gcc, r-devel-linux-x86_64-fedora-clang, r-devel-linux-x86_64-fedora-gcc, r-patched-linux-x86_64, r-patched-solaris-x86, r-release-linux-x86_64

Version: 2.4.1
Check: whether package can be installed
Result: WARN
    Found the following significant warnings:
     Warning: 'rgl_init' failed, running with rgl.useNULL = TRUE
Flavor: r-oldrel-macos-x86_64