CRAN Package Check Results for Package lolog

Last updated on 2021-10-20 23:50:15 CEST.

Flavor Version Tinstall Tcheck Ttotal Status Flags
r-devel-linux-x86_64-debian-clang 1.3 187.01 153.58 340.59 OK --no-vignettes
r-devel-linux-x86_64-debian-gcc 1.3 144.75 115.55 260.30 WARN --no-vignettes
r-devel-linux-x86_64-fedora-clang 1.3 494.87 NOTE --no-vignettes
r-devel-linux-x86_64-fedora-gcc 1.3 460.23 WARN --no-vignettes
r-devel-windows-x86_64 1.3 224.00 177.00 401.00 WARN --no-vignettes
r-devel-windows-x86_64-gcc10-UCRT 1.3 ERROR
r-patched-linux-x86_64 1.3 168.99 146.86 315.85 WARN --no-vignettes
r-patched-solaris-x86 1.3 2753.50 WARN
r-release-linux-x86_64 1.3 165.65 145.29 310.94 WARN --no-vignettes
r-release-macos-arm64 1.3 NOTE
r-release-macos-x86_64 1.3 NOTE
r-release-windows-ix86+x86_64 1.3 432.00 308.00 740.00 WARN --no-vignettes
r-oldrel-macos-x86_64 1.3 NOTE
r-oldrel-windows-ix86+x86_64 1.3 441.00 300.00 741.00 WARN --no-vignettes

Check Details

Version: 1.3
Flags: --no-vignettes
Check: whether package can be installed
Result: WARN
    Found the following significant warnings:
     /home/hornik/tmp/R.check/r-devel-gcc/Work/build/Packages/BH/include/boost/container/detail/copy_move_algo.hpp:183:19: warning: ‘void* memmove(void*, const void*, size_t)’ writing to an object of type ‘value_type’ {aka ‘struct boost::container::dtl::pair<int, int>’} with no trivial copy-assignment; use copy-assignment or copy-initialization instead [-Wclass-memaccess]
     /home/hornik/tmp/R.check/r-devel-gcc/Work/build/Packages/BH/include/boost/container/detail/copy_move_algo.hpp:197:19: warning: ‘void* memmove(void*, const void*, size_t)’ writing to an object of type ‘boost::movelib::detail::iterator_to_element_ptr<boost::container::dtl::pair<int, int>*>::element_type’ {aka ‘struct boost::container::dtl::pair<int, int>’} with no trivial copy-assignment; use copy-assignment or copy-initialization instead [-Wclass-memaccess]
     /home/hornik/tmp/R.check/r-devel-gcc/Work/build/Packages/BH/include/boost/container/detail/copy_move_algo.hpp:909:19: warning: ‘void* memmove(void*, const void*, size_t)’ writing to an object of type ‘boost::movelib::detail::iterator_to_element_ptr<boost::container::dtl::pair<int, int>*>::element_type’ {aka ‘struct boost::container::dtl::pair<int, int>’} with no trivial copy-assignment; use copy-assignment or copy-initialization instead [-Wclass-memaccess]
Flavor: r-devel-linux-x86_64-debian-gcc

Version: 1.3
Flags: --no-vignettes
Check: installed package size
Result: NOTE
     installed size is 21.6Mb
     sub-directories of 1Mb or more:
     libs 19.9Mb
Flavors: r-devel-linux-x86_64-fedora-clang, r-release-windows-ix86+x86_64, r-oldrel-windows-ix86+x86_64

Version: 1.3
Flags: --no-vignettes
Check: whether package can be installed
Result: WARN
    Found the following significant warnings:
     /data/gannet/ripley/R/test-4.2/BH/include/boost/container/detail/copy_move_algo.hpp:183:19: warning: ‘void* memmove(void*, const void*, size_t)’ writing to an object of type ‘value_type’ {aka ‘struct boost::container::dtl::pair<int, int>’} with no trivial copy-assignment; use copy-assignment or copy-initialization instead [-Wclass-memaccess]
     /data/gannet/ripley/R/test-4.2/BH/include/boost/container/detail/copy_move_algo.hpp:197:19: warning: ‘void* memmove(void*, const void*, size_t)’ writing to an object of type ‘boost::movelib::detail::iterator_to_element_ptr<boost::container::dtl::pair<int, int>*>::element_type’ {aka ‘struct boost::container::dtl::pair<int, int>’} with no trivial copy-assignment; use copy-assignment or copy-initialization instead [-Wclass-memaccess]
     /data/gannet/ripley/R/test-4.2/BH/include/boost/container/detail/copy_move_algo.hpp:909:19: warning: ‘void* memmove(void*, const void*, size_t)’ writing to an object of type ‘boost::movelib::detail::iterator_to_element_ptr<boost::container::dtl::pair<int, int>*>::element_type’ {aka ‘struct boost::container::dtl::pair<int, int>’} with no trivial copy-assignment; use copy-assignment or copy-initialization instead [-Wclass-memaccess]
Flavor: r-devel-linux-x86_64-fedora-gcc

Version: 1.3
Flags: --no-vignettes
Check: whether package can be installed
Result: WARN
    Found the following significant warnings:
     d:/RCompile/CRANpkg/lib/4.2/BH/include/boost/container/detail/copy_move_algo.hpp:183:19: warning: 'void* memmove(void*, const void*, size_t)' writing to an object of type 'value_type' {aka 'struct boost::container::dtl::pair<int, int>'} with no trivial copy-assignment; use copy-assignment or copy-initialization instead [-Wclass-memaccess]
     d:/RCompile/CRANpkg/lib/4.2/BH/include/boost/container/detail/copy_move_algo.hpp:197:19: warning: 'void* memmove(void*, const void*, size_t)' writing to an object of type 'boost::movelib::detail::iterator_to_element_ptr<boost::container::dtl::pair<int, int>*>::element_type' {aka 'struct boost::container::dtl::pair<int, int>'} with no trivial copy-assignment; use copy-assignment or copy-initialization instead [-Wclass-memaccess]
     d:/RCompile/CRANpkg/lib/4.2/BH/include/boost/container/detail/copy_move_algo.hpp:909:19: warning: 'void* memmove(void*, const void*, size_t)' writing to an object of type 'boost::movelib::detail::iterator_to_element_ptr<boost::container::dtl::pair<int, int>*>::element_type' {aka 'struct boost::container::dtl::pair<int, int>'} with no trivial copy-assignment; use copy-assignment or copy-initialization instead [-Wclass-memaccess]
Flavor: r-devel-windows-x86_64

Version: 1.3
Check: package dependencies
Result: ERROR
    Package required but not available: 'intergraph'
    
    Package suggested but not available for checking: 'igraph'
    
    See section 'The DESCRIPTION file' in the 'Writing R Extensions'
    manual.
Flavor: r-devel-windows-x86_64-gcc10-UCRT

Version: 1.3
Flags: --no-vignettes
Check: whether package can be installed
Result: WARN
    Found the following significant warnings:
     /home/hornik/tmp/R.check/r-patched-gcc/Work/build/Packages/BH/include/boost/container/detail/copy_move_algo.hpp:183:19: warning: ‘void* memmove(void*, const void*, size_t)’ writing to an object of type ‘value_type’ {aka ‘struct boost::container::dtl::pair<int, int>’} with no trivial copy-assignment; use copy-assignment or copy-initialization instead [-Wclass-memaccess]
     /home/hornik/tmp/R.check/r-patched-gcc/Work/build/Packages/BH/include/boost/container/detail/copy_move_algo.hpp:197:19: warning: ‘void* memmove(void*, const void*, size_t)’ writing to an object of type ‘boost::movelib::detail::iterator_to_element_ptr<boost::container::dtl::pair<int, int>*>::element_type’ {aka ‘struct boost::container::dtl::pair<int, int>’} with no trivial copy-assignment; use copy-assignment or copy-initialization instead [-Wclass-memaccess]
     /home/hornik/tmp/R.check/r-patched-gcc/Work/build/Packages/BH/include/boost/container/detail/copy_move_algo.hpp:909:19: warning: ‘void* memmove(void*, const void*, size_t)’ writing to an object of type ‘boost::movelib::detail::iterator_to_element_ptr<boost::container::dtl::pair<int, int>*>::element_type’ {aka ‘struct boost::container::dtl::pair<int, int>’} with no trivial copy-assignment; use copy-assignment or copy-initialization instead [-Wclass-memaccess]
Flavor: r-patched-linux-x86_64

Version: 1.3
Check: re-building of vignette outputs
Result: WARN
    Error(s) in re-building vignettes:
     ...
    Cpu Limit Exceeded - core dumped
    --- re-building ‘lolog-ergm.Rmd’ using rmarkdown
    Warning in engine$weave(file, quiet = quiet, encoding = enc) :
     Pandoc (>= 1.12.3) not available. Falling back to R Markdown v1.
    --- re-building ‘lolog-introduction.Rmd’ using rmarkdown
    Warning in engine$weave(file, quiet = quiet, encoding = enc) :
     Pandoc (>= 1.12.3) not available. Falling back to R Markdown v1.
    --- finished re-building ‘lolog-introduction.Rmd’
    
    SUMMARY: processing the following file failed:
     ‘lolog-ergm.Rmd’
    
    Error: Vignette re-building failed.
    Execution halted
Flavor: r-patched-solaris-x86

Version: 1.3
Flags: --no-vignettes
Check: whether package can be installed
Result: WARN
    Found the following significant warnings:
     /home/hornik/tmp/R.check/r-release-gcc/Work/build/Packages/BH/include/boost/container/detail/copy_move_algo.hpp:183:19: warning: ‘void* memmove(void*, const void*, size_t)’ writing to an object of type ‘value_type’ {aka ‘struct boost::container::dtl::pair<int, int>’} with no trivial copy-assignment; use copy-assignment or copy-initialization instead [-Wclass-memaccess]
     /home/hornik/tmp/R.check/r-release-gcc/Work/build/Packages/BH/include/boost/container/detail/copy_move_algo.hpp:197:19: warning: ‘void* memmove(void*, const void*, size_t)’ writing to an object of type ‘boost::movelib::detail::iterator_to_element_ptr<boost::container::dtl::pair<int, int>*>::element_type’ {aka ‘struct boost::container::dtl::pair<int, int>’} with no trivial copy-assignment; use copy-assignment or copy-initialization instead [-Wclass-memaccess]
     /home/hornik/tmp/R.check/r-release-gcc/Work/build/Packages/BH/include/boost/container/detail/copy_move_algo.hpp:909:19: warning: ‘void* memmove(void*, const void*, size_t)’ writing to an object of type ‘boost::movelib::detail::iterator_to_element_ptr<boost::container::dtl::pair<int, int>*>::element_type’ {aka ‘struct boost::container::dtl::pair<int, int>’} with no trivial copy-assignment; use copy-assignment or copy-initialization instead [-Wclass-memaccess]
Flavor: r-release-linux-x86_64

Version: 1.3
Check: installed package size
Result: NOTE
     installed size is 25.6Mb
     sub-directories of 1Mb or more:
     libs 24.0Mb
Flavors: r-release-macos-arm64, r-release-macos-x86_64, r-oldrel-macos-x86_64

Version: 1.3
Flags: --no-vignettes
Check: whether package can be installed
Result: WARN
    Found the following significant warnings:
     d:/RCompile/CRANpkg/lib/4.1/BH/include/boost/container/detail/copy_move_algo.hpp:183:19: warning: 'void* memmove(void*, const void*, size_t)' writing to an object of type 'value_type' {aka 'struct boost::container::dtl::pair<int, int>'} with no trivial copy-assignment; use copy-assignment or copy-initialization instead [-Wclass-memaccess]
     d:/RCompile/CRANpkg/lib/4.1/BH/include/boost/container/detail/copy_move_algo.hpp:197:19: warning: 'void* memmove(void*, const void*, size_t)' writing to an object of type 'boost::movelib::detail::iterator_to_element_ptr<boost::container::dtl::pair<int, int>*>::element_type' {aka 'struct boost::container::dtl::pair<int, int>'} with no trivial copy-assignment; use copy-assignment or copy-initialization instead [-Wclass-memaccess]
     d:/RCompile/CRANpkg/lib/4.1/BH/include/boost/container/detail/copy_move_algo.hpp:909:19: warning: 'void* memmove(void*, const void*, size_t)' writing to an object of type 'boost::movelib::detail::iterator_to_element_ptr<boost::container::dtl::pair<int, int>*>::element_type' {aka 'struct boost::container::dtl::pair<int, int>'} with no trivial copy-assignment; use copy-assignment or copy-initialization instead [-Wclass-memaccess]
Flavor: r-release-windows-ix86+x86_64

Version: 1.3
Flags: --no-vignettes
Check: whether package can be installed
Result: WARN
    Found the following significant warnings:
     d:/RCompile/CRANpkg/lib/4.0/BH/include/boost/container/detail/copy_move_algo.hpp:183:19: warning: 'void* memmove(void*, const void*, size_t)' writing to an object of type 'value_type' {aka 'struct boost::container::dtl::pair<int, int>'} with no trivial copy-assignment; use copy-assignment or copy-initialization instead [-Wclass-memaccess]
     d:/RCompile/CRANpkg/lib/4.0/BH/include/boost/container/detail/copy_move_algo.hpp:197:19: warning: 'void* memmove(void*, const void*, size_t)' writing to an object of type 'boost::movelib::detail::iterator_to_element_ptr<boost::container::dtl::pair<int, int>*>::element_type' {aka 'struct boost::container::dtl::pair<int, int>'} with no trivial copy-assignment; use copy-assignment or copy-initialization instead [-Wclass-memaccess]
     d:/RCompile/CRANpkg/lib/4.0/BH/include/boost/container/detail/copy_move_algo.hpp:909:19: warning: 'void* memmove(void*, const void*, size_t)' writing to an object of type 'boost::movelib::detail::iterator_to_element_ptr<boost::container::dtl::pair<int, int>*>::element_type' {aka 'struct boost::container::dtl::pair<int, int>'} with no trivial copy-assignment; use copy-assignment or copy-initialization instead [-Wclass-memaccess]
Flavor: r-oldrel-windows-ix86+x86_64