CRAN Package Check Results for Package lolR

Last updated on 2021-07-30 23:51:49 CEST.

Flavor Version Tinstall Tcheck Ttotal Status Flags
r-devel-linux-x86_64-debian-clang 2.1 NOTE
r-devel-linux-x86_64-debian-gcc 2.1 8.44 162.48 170.92 NOTE
r-devel-linux-x86_64-fedora-clang 2.1 280.57 NOTE
r-devel-linux-x86_64-fedora-gcc 2.1 274.69 NOTE
r-devel-windows-x86_64 2.1 12.00 257.00 269.00 NOTE
r-devel-windows-x86_64-gcc10-UCRT 2.1 NOTE
r-patched-linux-x86_64 2.1 NOTE
r-patched-solaris-x86 2.1 371.20 NOTE
r-release-linux-x86_64 2.1 8.39 209.74 218.13 NOTE
r-release-macos-arm64 2.1 WARN
r-release-macos-x86_64 2.1 NOTE
r-release-windows-ix86+x86_64 2.1 22.00 264.00 286.00 NOTE
r-oldrel-macos-x86_64 2.1 NOTE
r-oldrel-windows-ix86+x86_64 2.1 17.00 255.00 272.00 OK

Check Details

Version: 2.1
Check: LazyData
Result: NOTE
     'LazyData' is specified without a 'data' directory
Flavors: r-devel-linux-x86_64-debian-clang, r-devel-linux-x86_64-debian-gcc, r-devel-linux-x86_64-fedora-clang, r-devel-linux-x86_64-fedora-gcc, r-devel-windows-x86_64, r-devel-windows-x86_64-gcc10-UCRT, r-patched-linux-x86_64, r-patched-solaris-x86, r-release-linux-x86_64, r-release-macos-arm64, r-release-macos-x86_64, r-release-windows-ix86+x86_64

Version: 2.1
Check: dependencies in R code
Result: NOTE
    Namespace in Imports field not imported from: ‘ggplot2’
     All declared Imports should be used.
Flavors: r-devel-linux-x86_64-fedora-clang, r-devel-linux-x86_64-fedora-gcc, r-devel-windows-x86_64-gcc10-UCRT, r-patched-solaris-x86, r-release-macos-arm64, r-release-macos-x86_64, r-oldrel-macos-x86_64

Version: 2.1
Check: re-building of vignette outputs
Result: WARN
    Error(s) in re-building vignettes:
    --- re-building ‘dp.Rmd’ using rmarkdown
    Warning in engine$weave(file, quiet = quiet, encoding = enc) :
     Pandoc (>= 1.12.3) not available. Falling back to R Markdown v1.
    Quitting from lines 30-41 (dp.Rmd)
    Error: processing vignette 'dp.Rmd' failed with diagnostics:
    polygon edge not found
    --- failed re-building ‘dp.Rmd’
    
    --- re-building ‘extend_classification.Rmd’ using rmarkdown
    Warning in engine$weave(file, quiet = quiet, encoding = enc) :
     Pandoc (>= 1.12.3) not available. Falling back to R Markdown v1.
    --- finished re-building ‘extend_classification.Rmd’
    
    --- re-building ‘extend_embedding.Rmd’ using rmarkdown
    Warning in engine$weave(file, quiet = quiet, encoding = enc) :
     Pandoc (>= 1.12.3) not available. Falling back to R Markdown v1.
    --- finished re-building ‘extend_embedding.Rmd’
    
    --- re-building ‘lol.Rmd’ using rmarkdown
    Warning in engine$weave(file, quiet = quiet, encoding = enc) :
     Pandoc (>= 1.12.3) not available. Falling back to R Markdown v1.
    Quitting from lines 31-42 (lol.Rmd)
    Error: processing vignette 'lol.Rmd' failed with diagnostics:
    polygon edge not found
    --- failed re-building ‘lol.Rmd’
    
    --- re-building ‘lrcca.Rmd’ using rmarkdown
    Warning in engine$weave(file, quiet = quiet, encoding = enc) :
     Pandoc (>= 1.12.3) not available. Falling back to R Markdown v1.
    Quitting from lines 30-41 (lrcca.Rmd)
    Error: processing vignette 'lrcca.Rmd' failed with diagnostics:
    polygon edge not found
    --- failed re-building ‘lrcca.Rmd’
    
    --- re-building ‘lrlda.Rmd’ using rmarkdown
    Warning in engine$weave(file, quiet = quiet, encoding = enc) :
     Pandoc (>= 1.12.3) not available. Falling back to R Markdown v1.
    Quitting from lines 31-42 (lrlda.Rmd)
    Error: processing vignette 'lrlda.Rmd' failed with diagnostics:
    polygon edge not found
    --- failed re-building ‘lrlda.Rmd’
    
    --- re-building ‘nearestCentroid.Rmd’ using rmarkdown
    Warning in engine$weave(file, quiet = quiet, encoding = enc) :
     Pandoc (>= 1.12.3) not available. Falling back to R Markdown v1.
    Quitting from lines 27-40 (nearestCentroid.Rmd)
    Error: processing vignette 'nearestCentroid.Rmd' failed with diagnostics:
    polygon edge not found
    --- failed re-building ‘nearestCentroid.Rmd’
    
    --- re-building ‘pca.Rmd’ using rmarkdown
    Warning in engine$weave(file, quiet = quiet, encoding = enc) :
     Pandoc (>= 1.12.3) not available. Falling back to R Markdown v1.
    Quitting from lines 31-42 (pca.Rmd)
    Error: processing vignette 'pca.Rmd' failed with diagnostics:
    polygon edge not found
    --- failed re-building ‘pca.Rmd’
    
    --- re-building ‘pls.Rmd’ using rmarkdown
    Warning in engine$weave(file, quiet = quiet, encoding = enc) :
     Pandoc (>= 1.12.3) not available. Falling back to R Markdown v1.
    Quitting from lines 31-42 (pls.Rmd)
    Error: processing vignette 'pls.Rmd' failed with diagnostics:
    polygon edge not found
    --- failed re-building ‘pls.Rmd’
    
    --- re-building ‘rp.Rmd’ using rmarkdown
    Warning in engine$weave(file, quiet = quiet, encoding = enc) :
     Pandoc (>= 1.12.3) not available. Falling back to R Markdown v1.
    Quitting from lines 30-41 (rp.Rmd)
    Error: processing vignette 'rp.Rmd' failed with diagnostics:
    polygon edge not found
    --- failed re-building ‘rp.Rmd’
    
    --- re-building ‘simulations.Rmd’ using rmarkdown
    Warning in engine$weave(file, quiet = quiet, encoding = enc) :
     Pandoc (>= 1.12.3) not available. Falling back to R Markdown v1.
    Quitting from lines 36-40 (simulations.Rmd)
    Error: processing vignette 'simulations.Rmd' failed with diagnostics:
    polygon edge not found
    --- failed re-building ‘simulations.Rmd’
    
    --- re-building ‘xval.Rmd’ using rmarkdown
    Warning in engine$weave(file, quiet = quiet, encoding = enc) :
     Pandoc (>= 1.12.3) not available. Falling back to R Markdown v1.
    Quitting from lines 25-36 (xval.Rmd)
    Error: processing vignette 'xval.Rmd' failed with diagnostics:
    polygon edge not found
    --- failed re-building ‘xval.Rmd’
    
    SUMMARY: processing the following files failed:
     ‘dp.Rmd’ ‘lol.Rmd’ ‘lrcca.Rmd’ ‘lrlda.Rmd’ ‘nearestCentroid.Rmd’
     ‘pca.Rmd’ ‘pls.Rmd’ ‘rp.Rmd’ ‘simulations.Rmd’ ‘xval.Rmd’
    
    Error: Vignette re-building failed.
    Execution halted
Flavor: r-release-macos-arm64