CRAN Package Check Results for Package logrx

Last updated on 2024-06-13 00:55:21 CEST.

Flavor Version Tinstall Tcheck Ttotal Status Flags
r-devel-linux-x86_64-debian-clang 0.3.1 8.64 107.93 116.57 OK
r-devel-linux-x86_64-debian-gcc 0.3.1 0.60 1.73 2.33 ERROR
r-devel-linux-x86_64-fedora-clang 0.3.1 146.37 OK
r-devel-linux-x86_64-fedora-gcc 0.3.1 150.21 OK
r-devel-windows-x86_64 0.3.1 7.00 129.00 136.00 OK
r-patched-linux-x86_64 0.3.1 8.44 102.74 111.18 OK
r-release-linux-x86_64 0.3.1 5.14 101.18 106.32 OK
r-release-macos-arm64 0.3.1 73.00 OK
r-release-macos-x86_64 0.3.1 90.00 OK
r-release-windows-x86_64 0.3.1 9.00 129.00 138.00 OK
r-oldrel-macos-arm64 0.3.1 61.00 OK
r-oldrel-macos-x86_64 0.3.1 121.00 OK
r-oldrel-windows-x86_64 0.3.1 10.00 142.00 152.00 OK

Check Details

Version: 0.3.1
Check: package dependencies
Result: ERROR Packages required but not available: 'dplyr', 'purrr', 'tidyr', 'stringr', 'tibble' Packages suggested but not available for checking: 'testthat', 'pkgdown', 'Tplyr', 'haven', 'readr', 'tidyselect' See section ‘The DESCRIPTION file’ in the ‘Writing R Extensions’ manual. Flavor: r-devel-linux-x86_64-debian-gcc