CRAN Package Check Results for Package logistf

Last updated on 2023-03-29 00:57:11 CEST.

Flavor Version Tinstall Tcheck Ttotal Status Flags
r-devel-linux-x86_64-debian-clang 1.24.1 17.63 128.47 146.10 WARN
r-devel-linux-x86_64-debian-gcc 1.24.1 13.97 95.63 109.60 WARN
r-devel-linux-x86_64-fedora-clang 1.24.1 181.10 WARN
r-devel-linux-x86_64-fedora-gcc 1.24.1 173.31 WARN
r-devel-windows-x86_64 1.24.1 47.00 0.00 47.00 OK
r-patched-linux-x86_64 1.24.1 19.41 121.24 140.65 WARN
r-release-linux-x86_64 1.24.1 12.28 120.52 132.80 OK
r-release-macos-arm64 1.24.1 43.00 OK
r-release-macos-x86_64 1.24.1 89.00 OK
r-release-windows-x86_64 1.24.1 28.00 152.00 180.00 OK
r-oldrel-macos-arm64 1.24.1 48.00 OK
r-oldrel-macos-x86_64 1.24.1 64.00 OK
r-oldrel-windows-ix86+x86_64 1.24.1 37.00 188.00 225.00 OK

Check Details

Version: 1.24.1
Check: whether package can be installed
Result: WARN
    Found the following significant warnings:
     ./veclib.h:316:15: warning: a function declaration without a prototype is deprecated in all versions of C [-Wstrict-prototypes]
    See ‘/home/hornik/tmp/R.check/r-devel-clang/Work/PKGS/logistf.Rcheck/00install.out’ for details.
    * used C compiler: ‘Debian clang version 15.0.6’
Flavor: r-devel-linux-x86_64-debian-clang

Version: 1.24.1
Check: whether package can be installed
Result: WARN
    Found the following significant warnings:
     veclib.h:316:6: warning: function declaration isn’t a prototype [-Wstrict-prototypes]
    See ‘/home/hornik/tmp/R.check/r-devel-gcc/Work/PKGS/logistf.Rcheck/00install.out’ for details.
    * used C compiler: ‘gcc-12 (Debian 12.2.0-14) 12.2.0’
Flavor: r-devel-linux-x86_64-debian-gcc

Version: 1.24.1
Check: whether package can be installed
Result: WARN
    Found the following significant warnings:
     ./veclib.h:316:15: warning: a function declaration without a prototype is deprecated in all versions of C [-Wstrict-prototypes]
    See ‘/data/gannet/ripley/R/packages/tests-clang/logistf.Rcheck/00install.out’ for details.
    * used C compiler: ‘clang version 16.0.0’
Flavor: r-devel-linux-x86_64-fedora-clang

Version: 1.24.1
Check: whether package can be installed
Result: WARN
    Found the following significant warnings:
     veclib.h:316:6: warning: function declaration isn’t a prototype [-Wstrict-prototypes]
    See ‘/data/gannet/ripley/R/packages/tests-devel/logistf.Rcheck/00install.out’ for details.
    * used C compiler: ‘gcc (GCC) 12.2.1 20221121 (Red Hat 12.2.1-4)’
Flavor: r-devel-linux-x86_64-fedora-gcc

Version: 1.24.1
Check: whether package can be installed
Result: WARN
    Found the following significant warnings:
     veclib.h:316:6: warning: function declaration isn’t a prototype [-Wstrict-prototypes]
    See ‘/home/hornik/tmp/R.check/r-patched-gcc/Work/PKGS/logistf.Rcheck/00install.out’ for details.
    * used C compiler: ‘gcc-11 (Debian 11.3.0-12) 11.3.0’
Flavor: r-patched-linux-x86_64