CRAN Package Check Results for Package logger

Last updated on 2023-05-28 23:14:02 CEST.

Flavor Version Tinstall Tcheck Ttotal Status Flags
r-devel-linux-x86_64-debian-clang 0.2.2 3.21 60.28 63.49 OK
r-devel-linux-x86_64-debian-gcc 0.2.2 2.60 45.80 48.40 OK
r-devel-linux-x86_64-fedora-clang 0.2.2 77.99 OK
r-devel-linux-x86_64-fedora-gcc 0.2.2 88.86 OK
r-devel-windows-x86_64 0.2.2 4.00 83.00 87.00 NOTE
r-patched-linux-x86_64 0.2.2 5.42 58.10 63.52 OK
r-release-linux-x86_64 0.2.2 3.14 57.31 60.45 OK
r-release-macos-arm64 0.2.2 43.00 OK
r-release-macos-x86_64 0.2.2 62.00 OK
r-release-windows-x86_64 0.2.2 4.00 90.00 94.00 NOTE
r-oldrel-macos-arm64 0.2.2 36.00 OK
r-oldrel-macos-x86_64 0.2.2 43.00 OK
r-oldrel-windows-x86_64 0.2.2 6.00 83.00 89.00 NOTE

Check Details

Version: 0.2.2
Check: package dependencies
Result: NOTE
    Package suggested but not available for checking: 'rsyslog'
Flavors: r-devel-windows-x86_64, r-release-windows-x86_64, r-oldrel-windows-x86_64