CRAN Package Check Results for Package loder

Last updated on 2022-01-21 23:48:51 CET.

Flavor Version Tinstall Tcheck Ttotal Status Flags
r-devel-linux-x86_64-debian-clang 0.2.0 6.63 29.73 36.36 NOTE
r-devel-linux-x86_64-debian-gcc 0.2.0 4.41 23.50 27.91 NOTE
r-devel-linux-x86_64-fedora-clang 0.2.0 50.22 NOTE
r-devel-linux-x86_64-fedora-gcc 0.2.0 34.57 NOTE
r-devel-windows-x86_64-new-UL 0.2.0 49.00 53.00 102.00 NOTE
r-devel-windows-x86_64-new-TK 0.2.0 NOTE
r-patched-linux-x86_64 0.2.0 5.78 28.79 34.57 NOTE
r-release-linux-x86_64 0.2.0 5.78 28.89 34.67 NOTE
r-release-macos-arm64 0.2.0 NOTE
r-release-macos-x86_64 0.2.0 NOTE
r-release-windows-ix86+x86_64 0.2.0 17.00 47.00 64.00 NOTE
r-oldrel-macos-x86_64 0.2.0 OK
r-oldrel-windows-ix86+x86_64 0.2.0 17.00 47.00 64.00 OK

Check Details

Version: 0.2.0
Check: LazyData
Result: NOTE
     'LazyData' is specified without a 'data' directory
Flavors: r-devel-linux-x86_64-debian-clang, r-devel-linux-x86_64-debian-gcc, r-devel-linux-x86_64-fedora-clang, r-devel-linux-x86_64-fedora-gcc, r-devel-windows-x86_64-new-UL, r-devel-windows-x86_64-new-TK, r-patched-linux-x86_64, r-release-linux-x86_64, r-release-macos-arm64, r-release-macos-x86_64, r-release-windows-ix86+x86_64