CRAN Package Check Results for Package locpolExpectile

Last updated on 2021-12-04 23:50:36 CET.

Flavor Version Tinstall Tcheck Ttotal Status Flags
r-devel-linux-x86_64-debian-clang 0.1.1 20.48 175.57 196.05 OK
r-devel-linux-x86_64-debian-gcc 0.1.1 16.90 132.91 149.81 OK
r-devel-linux-x86_64-fedora-clang 0.1.1 237.41 NOTE
r-devel-linux-x86_64-fedora-gcc 0.1.1 221.98 NOTE
r-devel-windows-x86_64-new-UL 0.1.1 37.00 247.00 284.00 OK
r-devel-windows-x86_64-new-TK 0.1.1 NOTE
r-devel-windows-x86_64-old 0.1.1 34.00 172.00 206.00 OK
r-patched-linux-x86_64 0.1.1 18.77 157.16 175.93 OK
r-release-linux-x86_64 0.1.1 21.02 157.84 178.86 OK
r-release-macos-arm64 0.1.1 NOTE
r-release-macos-x86_64 0.1.1 NOTE
r-release-windows-ix86+x86_64 0.1.1 60.00 245.00 305.00 OK
r-oldrel-macos-x86_64 0.1.1 NOTE
r-oldrel-windows-ix86+x86_64 0.1.1 66.00 225.00 291.00 OK

Check Details

Version: 0.1.1
Check: dependencies in R code
Result: NOTE
    Namespace in Imports field not imported from: ‘lestat’
     All declared Imports should be used.
Flavors: r-devel-linux-x86_64-fedora-clang, r-devel-linux-x86_64-fedora-gcc, r-devel-windows-x86_64-new-TK, r-release-macos-arm64, r-release-macos-x86_64, r-oldrel-macos-x86_64