CRAN Package Check Results for Package locits

Last updated on 2022-01-23 23:50:21 CET.

Flavor Version Tinstall Tcheck Ttotal Status Flags
r-devel-linux-x86_64-debian-clang 1.7.3 6.11 65.89 72.00 OK
r-devel-linux-x86_64-debian-gcc 1.7.3 4.54 56.80 61.34 OK
r-devel-linux-x86_64-fedora-clang 1.7.3 88.92 NOTE
r-devel-linux-x86_64-fedora-gcc 1.7.3 77.70 NOTE
r-devel-windows-x86_64-new-UL 1.7.3 41.00 95.00 136.00 OK
r-devel-windows-x86_64-new-TK 1.7.3 OK
r-patched-linux-x86_64 1.7.3 8.23 63.68 71.91 OK
r-release-linux-x86_64 1.7.3 5.67 64.70 70.37 OK
r-release-macos-arm64 1.7.3 OK
r-release-macos-x86_64 1.7.3 OK
r-release-windows-ix86+x86_64 1.7.3 15.00 100.00 115.00 OK
r-oldrel-macos-x86_64 1.7.3 OK
r-oldrel-windows-ix86+x86_64 1.7.3 14.00 103.00 117.00 OK

Check Details

Version: 1.7.3
Check: compiled code
Result: NOTE
    File ‘locits/libs/locits.so’:
     Found no calls to: ‘R_registerRoutines’, ‘R_useDynamicSymbols’
    
    It is good practice to register native routines and to disable symbol
    search.
    
    See ‘Writing portable packages’ in the ‘Writing R Extensions’ manual.
Flavors: r-devel-linux-x86_64-fedora-clang, r-devel-linux-x86_64-fedora-gcc