Last updated on 2023-02-06 23:55:49 CET.
Flavor | Version | Tinstall | Tcheck | Ttotal | Status | Flags |
---|---|---|---|---|---|---|
r-devel-linux-x86_64-debian-clang | 1.0.0 | 16.41 | 133.26 | 149.67 | NOTE | |
r-devel-linux-x86_64-debian-gcc | 1.0.0 | 11.86 | 98.43 | 110.29 | NOTE | |
r-devel-linux-x86_64-fedora-clang | 1.0.0 | 187.14 | NOTE | |||
r-devel-linux-x86_64-fedora-gcc | 1.0.0 | 192.97 | NOTE | |||
r-devel-windows-x86_64 | 1.0.0 | 29.00 | 156.00 | 185.00 | NOTE | |
r-patched-linux-x86_64 | 1.0.0 | 14.18 | 128.40 | 142.58 | OK | |
r-release-linux-x86_64 | 1.0.0 | 15.73 | 129.34 | 145.07 | OK | |
r-release-macos-arm64 | 1.0.0 | 53.00 | OK | |||
r-release-macos-x86_64 | 1.0.0 | 107.00 | OK | |||
r-release-windows-x86_64 | 1.0.0 | 28.00 | 168.00 | 196.00 | OK | |
r-oldrel-macos-arm64 | 1.0.0 | 59.00 | OK | |||
r-oldrel-macos-x86_64 | 1.0.0 | 95.00 | OK | |||
r-oldrel-windows-ix86+x86_64 | 1.0.0 | 37.00 | 149.00 | 186.00 | OK |
Version: 1.0.0
Check: Rd files
Result: NOTE
checkRd: (-1) MHDI.Rd:23: Escaped LaTeX specials: \&
Flavors: r-devel-linux-x86_64-debian-clang, r-devel-linux-x86_64-debian-gcc, r-devel-linux-x86_64-fedora-clang, r-devel-linux-x86_64-fedora-gcc, r-devel-windows-x86_64