CRAN Package Check Results for Package listArray

Last updated on 2021-10-24 23:51:52 CEST.

Flavor Version Tinstall Tcheck Ttotal Status Flags
r-devel-linux-x86_64-debian-clang 0.1.1 1.98 24.92 26.90 NOTE
r-devel-linux-x86_64-debian-gcc 0.1.1 1.67 19.56 21.23 NOTE
r-devel-linux-x86_64-fedora-clang 0.1.1 44.09 NOTE
r-devel-linux-x86_64-fedora-gcc 0.1.1 33.49 NOTE
r-devel-windows-x86_64 0.1.1 4.00 47.00 51.00 NOTE
r-devel-windows-x86_64-gcc10-UCRT 0.1.1 NOTE
r-patched-linux-x86_64 0.1.1 2.04 23.74 25.78 NOTE
r-patched-solaris-x86 0.1.1 52.00 NOTE
r-release-linux-x86_64 0.1.1 2.07 23.82 25.89 NOTE
r-release-macos-arm64 0.1.1 NOTE
r-release-macos-x86_64 0.1.1 NOTE
r-release-windows-ix86+x86_64 0.1.1 4.00 44.00 48.00 NOTE
r-oldrel-macos-x86_64 0.1.1 OK
r-oldrel-windows-ix86+x86_64 0.1.1 5.00 52.00 57.00 OK

Check Details

Version: 0.1.1
Check: LazyData
Result: NOTE
     'LazyData' is specified without a 'data' directory
Flavors: r-devel-linux-x86_64-debian-clang, r-devel-linux-x86_64-debian-gcc, r-devel-linux-x86_64-fedora-clang, r-devel-linux-x86_64-fedora-gcc, r-devel-windows-x86_64, r-devel-windows-x86_64-gcc10-UCRT, r-patched-linux-x86_64, r-patched-solaris-x86, r-release-linux-x86_64, r-release-macos-arm64, r-release-macos-x86_64, r-release-windows-ix86+x86_64