CRAN Package Check Results for Package linkspotter

Last updated on 2024-06-15 00:54:09 CEST.

Flavor Version Tinstall Tcheck Ttotal Status Flags
r-devel-linux-x86_64-debian-clang 1.3.0 9.89 103.61 113.50 NOTE
r-devel-linux-x86_64-debian-gcc 1.3.0 8.09 78.71 86.80 NOTE
r-devel-linux-x86_64-fedora-clang 1.3.0 144.46 NOTE
r-devel-linux-x86_64-fedora-gcc 1.3.0 149.61 NOTE
r-devel-windows-x86_64 1.3.0 10.00 96.00 106.00 NOTE
r-patched-linux-x86_64 1.3.0 9.87 101.18 111.05 NOTE
r-release-linux-x86_64 1.3.0 6.51 101.17 107.68 NOTE
r-release-macos-arm64 1.3.0 49.00 NOTE
r-release-macos-x86_64 1.3.0 124.00 NOTE
r-release-windows-x86_64 1.3.0 10.00 95.00 105.00 NOTE
r-oldrel-macos-arm64 1.3.0 44.00 NOTE
r-oldrel-macos-x86_64 1.3.0 82.00 NOTE
r-oldrel-windows-x86_64 1.3.0 13.00 112.00 125.00 NOTE

Check Details

Version: 1.3.0
Check: LazyData
Result: NOTE 'LazyData' is specified without a 'data' directory Flavors: r-devel-linux-x86_64-debian-clang, r-devel-linux-x86_64-debian-gcc, r-devel-linux-x86_64-fedora-clang, r-devel-linux-x86_64-fedora-gcc, r-devel-windows-x86_64, r-patched-linux-x86_64, r-release-linux-x86_64, r-release-macos-arm64, r-release-macos-x86_64, r-release-windows-x86_64, r-oldrel-macos-arm64, r-oldrel-macos-x86_64, r-oldrel-windows-x86_64