CRAN Package Check Results for Package linkcomm

Last updated on 2024-07-21 00:56:21 CEST.

Flavor Version Tinstall Tcheck Ttotal Status Flags
r-devel-linux-x86_64-debian-clang 1.0-14 41.75 67.96 109.71 OK
r-devel-linux-x86_64-debian-gcc 1.0-14 25.25 49.23 74.48 OK
r-devel-linux-x86_64-fedora-clang 1.0-14 153.85 OK
r-devel-linux-x86_64-fedora-gcc 1.0-14 153.46 OK
r-devel-windows-x86_64 1.0-14 37.00 94.00 131.00 NOTE
r-patched-linux-x86_64 1.0-14 41.07 64.13 105.20 OK
r-release-linux-x86_64 1.0-14 30.72 64.63 95.35 OK
r-release-macos-arm64 1.0-14 45.00 OK
r-release-macos-x86_64 1.0-14 57.00 OK
r-release-windows-x86_64 1.0-14 34.00 95.00 129.00 OK
r-oldrel-macos-arm64 1.0-14 47.00 OK
r-oldrel-macos-x86_64 1.0-14 78.00 OK
r-oldrel-windows-x86_64 1.0-14 41.00 105.00 146.00 OK

Check Details

Version: 1.0-14
Check: Rd cross-references
Result: NOTE Found the following Rd file(s) with Rd \link{} targets missing package anchors: getLinkCommunities.Rd: igraph getOCG.clusters.Rd: igraph linkcomm-package.Rd: igraph, RColorBrewer meta.communities.Rd: igraph newLinkCommsAt.Rd: igraph plotLinkCommGraph.Rd: igraph, igraph.plotting plotOCGraph.Rd: igraph, igraph.plotting read.OCG.Rd: igraph Please provide package anchors for all Rd \link{} targets not in the package itself and the base packages. Flavor: r-devel-windows-x86_64