CRAN Package Check Results for Package lilikoi

Last updated on 2021-09-27 23:50:44 CEST.

Flavor Version Tinstall Tcheck Ttotal Status Flags
r-devel-linux-x86_64-debian-clang 2.0.4 54.10 379.47 433.57 NOTE
r-devel-linux-x86_64-debian-gcc 2.0.4 46.94 290.18 337.12 NOTE
r-devel-linux-x86_64-fedora-clang 2.0.4 539.58 NOTE
r-devel-linux-x86_64-fedora-gcc 2.0.4 540.79 NOTE
r-devel-windows-x86_64 2.0.4 62.00 312.00 374.00 NOTE
r-devel-windows-x86_64-gcc10-UCRT 2.0.4 NOTE
r-patched-linux-x86_64 2.0.4 56.42 362.99 419.41 NOTE
r-release-linux-x86_64 2.0.4 53.59 367.50 421.09 NOTE
r-release-macos-arm64 2.0.4 NOTE
r-release-macos-x86_64 2.0.4 ERROR
r-release-windows-ix86+x86_64 2.0.4 117.00 298.00 415.00 NOTE
r-oldrel-macos-x86_64 2.0.4 ERROR
r-oldrel-windows-ix86+x86_64 2.0.4 143.00 525.00 668.00 OK

Check Details

Version: 2.0.4
Check: LazyData
Result: NOTE
     'LazyData' is specified without a 'data' directory
Flavors: r-devel-linux-x86_64-debian-clang, r-devel-linux-x86_64-debian-gcc, r-devel-linux-x86_64-fedora-clang, r-devel-linux-x86_64-fedora-gcc, r-devel-windows-x86_64, r-devel-windows-x86_64-gcc10-UCRT, r-patched-linux-x86_64, r-release-linux-x86_64, r-release-macos-arm64, r-release-windows-ix86+x86_64

Version: 2.0.4
Check: package dependencies
Result: NOTE
    Imports includes 26 non-default packages.
    Importing from so many packages makes the package vulnerable to any of
    them becoming unavailable. Move as many as possible to Suggests and
    use conditionally.
Flavor: r-devel-linux-x86_64-fedora-clang

Version: 2.0.4
Check: dependencies in R code
Result: NOTE
    Namespace in Imports field not imported from: ‘M3C’
     All declared Imports should be used.
Flavors: r-devel-linux-x86_64-fedora-clang, r-devel-linux-x86_64-fedora-gcc, r-devel-windows-x86_64-gcc10-UCRT, r-release-macos-arm64

Version: 2.0.4
Check: package dependencies
Result: ERROR
    Packages required but not available: 'M3C', 'pathifier', 'pathview'
    
    See section ‘The DESCRIPTION file’ in the ‘Writing R Extensions’
    manual.
Flavors: r-release-macos-x86_64, r-oldrel-macos-x86_64