CRAN Package Check Results for Package likelihoodExplore

Last updated on 2022-01-23 23:50:21 CET.

Flavor Version Tinstall Tcheck Ttotal Status Flags
r-devel-linux-x86_64-debian-clang 0.1.0 3.41 38.09 41.50 NOTE
r-devel-linux-x86_64-debian-gcc 0.1.0 2.99 32.74 35.73 NOTE
r-devel-linux-x86_64-fedora-clang 0.1.0 51.21 NOTE
r-devel-linux-x86_64-fedora-gcc 0.1.0 39.61 NOTE
r-devel-windows-x86_64-new-UL 0.1.0 111.00 58.00 169.00 NOTE
r-devel-windows-x86_64-new-TK 0.1.0 NOTE
r-patched-linux-x86_64 0.1.0 3.92 36.94 40.86 NOTE
r-release-linux-x86_64 0.1.0 3.15 37.00 40.15 NOTE
r-release-macos-arm64 0.1.0 NOTE
r-release-macos-x86_64 0.1.0 NOTE
r-release-windows-ix86+x86_64 0.1.0 7.00 55.00 62.00 NOTE
r-oldrel-macos-x86_64 0.1.0 OK
r-oldrel-windows-ix86+x86_64 0.1.0 7.00 49.00 56.00 OK

Check Details

Version: 0.1.0
Check: LazyData
Result: NOTE
     'LazyData' is specified without a 'data' directory
Flavors: r-devel-linux-x86_64-debian-clang, r-devel-linux-x86_64-debian-gcc, r-devel-linux-x86_64-fedora-clang, r-devel-linux-x86_64-fedora-gcc, r-devel-windows-x86_64-new-UL, r-devel-windows-x86_64-new-TK, r-patched-linux-x86_64, r-release-linux-x86_64, r-release-macos-arm64, r-release-macos-x86_64, r-release-windows-ix86+x86_64