CRAN Package Check Results for Package librarysnapshot

Last updated on 2022-01-23 23:50:20 CET.

Flavor Version Tinstall Tcheck Ttotal Status Flags
r-devel-linux-x86_64-debian-clang 0.1.2 1.20 30.10 31.30 NOTE
r-devel-linux-x86_64-debian-gcc 0.1.2 1.42 25.62 27.04 NOTE
r-devel-linux-x86_64-fedora-clang 0.1.2 39.41 NOTE
r-devel-linux-x86_64-fedora-gcc 0.1.2 50.46 NOTE
r-devel-windows-x86_64-new-UL 0.1.2 22.00 51.00 73.00 NOTE
r-devel-windows-x86_64-new-TK 0.1.2 NOTE
r-patched-linux-x86_64 0.1.2 1.71 29.00 30.71 NOTE
r-release-linux-x86_64 0.1.2 1.79 28.81 30.60 NOTE
r-release-macos-arm64 0.1.2 NOTE
r-release-macos-x86_64 0.1.2 NOTE
r-release-windows-ix86+x86_64 0.1.2 4.00 43.00 47.00 NOTE
r-oldrel-macos-x86_64 0.1.2 OK
r-oldrel-windows-ix86+x86_64 0.1.2 5.00 37.00 42.00 OK

Check Details

Version: 0.1.2
Check: LazyData
Result: NOTE
     'LazyData' is specified without a 'data' directory
Flavors: r-devel-linux-x86_64-debian-clang, r-devel-linux-x86_64-debian-gcc, r-devel-linux-x86_64-fedora-clang, r-devel-linux-x86_64-fedora-gcc, r-devel-windows-x86_64-new-UL, r-devel-windows-x86_64-new-TK, r-patched-linux-x86_64, r-release-linux-x86_64, r-release-macos-arm64, r-release-macos-x86_64, r-release-windows-ix86+x86_64