Last updated on 2023-01-30 00:31:16 CET.
Flavor | Version | Tinstall | Tcheck | Ttotal | Status | Flags |
---|---|---|---|---|---|---|
r-devel-linux-x86_64-debian-clang | 0.2 | 31.73 | 34.82 | 66.55 | OK | |
r-devel-linux-x86_64-debian-gcc | 0.2 | 27.67 | 26.83 | 54.50 | NOTE | |
r-devel-linux-x86_64-fedora-clang | 0.2 | 102.41 | OK | |||
r-devel-linux-x86_64-fedora-gcc | 0.2 | 104.94 | NOTE | |||
r-devel-windows-x86_64 | 0.2 | 56.00 | 88.00 | 144.00 | NOTE | |
r-patched-linux-x86_64 | 0.2 | 32.96 | 33.96 | 66.92 | OK | |
r-release-linux-x86_64 | 0.2 | 28.73 | 35.04 | 63.77 | OK | |
r-release-macos-arm64 | 0.2 | 28.00 | OK | |||
r-release-macos-x86_64 | 0.2 | 38.00 | OK | |||
r-release-windows-x86_64 | 0.2 | 43.00 | 93.00 | 136.00 | OK | |
r-oldrel-macos-arm64 | 0.2 | 32.00 | OK | |||
r-oldrel-macos-x86_64 | 0.2 | 53.00 | OK | |||
r-oldrel-windows-ix86+x86_64 | 0.2 | 87.00 | 99.00 | 186.00 | OK |
Version: 0.2
Check: C++ specification
Result: NOTE
Specified C++11: please update to current default of C++17
Flavors: r-devel-linux-x86_64-debian-gcc, r-devel-linux-x86_64-fedora-gcc, r-devel-windows-x86_64