CRAN Package Check Results for Package leiden

Last updated on 2021-07-30 23:51:48 CEST.

Flavor Version Tinstall Tcheck Ttotal Status Flags
r-devel-linux-x86_64-debian-clang 0.3.8 OK
r-devel-linux-x86_64-debian-gcc 0.3.9 8.41 89.63 98.04 OK
r-devel-linux-x86_64-fedora-clang 0.3.9 208.45 OK
r-devel-linux-x86_64-fedora-gcc 0.3.9 195.22 OK
r-devel-windows-x86_64 0.3.9 34.00 309.00 343.00 OK
r-devel-windows-x86_64-gcc10-UCRT 0.3.8 WARN
r-patched-linux-x86_64 0.3.9 OK
r-patched-solaris-x86 0.3.9 194.50 OK
r-release-linux-x86_64 0.3.9 11.06 112.48 123.54 OK
r-release-macos-arm64 0.3.8 OK
r-release-macos-x86_64 0.3.9 OK
r-release-windows-ix86+x86_64 0.3.8 58.00 307.00 365.00 OK
r-oldrel-macos-x86_64 0.3.9 OK
r-oldrel-windows-ix86+x86_64 0.3.9 46.00 250.00 296.00 OK

Check Details

Version: 0.3.8
Check: whether package can be installed
Result: WARN
    Found the following significant warnings:
     Warning: Python 'C:\Users\tomas\AppData\Local\basilisk\1.0.2\0\envs\r-reticulate\python.exe' was requested but 'C:/Users/tomas/AppData/Local/basilisk/1.0.2/0/python.exe' was loaded instead (see reticulate::py_config() for more information)
Flavor: r-devel-windows-x86_64-gcc10-UCRT