CRAN Package Check Results for Package lefko3

Last updated on 2021-10-18 23:49:35 CEST.

Flavor Version Tinstall Tcheck Ttotal Status Flags
r-devel-linux-x86_64-debian-clang 3.8.0 234.70 258.53 493.23 OK
r-devel-linux-x86_64-debian-gcc 3.8.0 206.75 190.63 397.38 OK
r-devel-linux-x86_64-fedora-clang 3.8.0 697.59 NOTE
r-devel-linux-x86_64-fedora-gcc 3.8.0 682.61 OK
r-devel-windows-x86_64 3.8.0 291.00 304.00 595.00 NOTE
r-devel-windows-x86_64-gcc10-UCRT 3.8.0 OK
r-patched-linux-x86_64 3.8.0 235.01 253.30 488.31 OK
r-patched-solaris-x86 3.8.0 6.60 ERROR
r-release-linux-x86_64 3.8.0 245.09 253.83 498.92 OK
r-release-macos-arm64 3.8.0 NOTE
r-release-macos-x86_64 3.8.0 NOTE
r-release-windows-ix86+x86_64 3.8.0 398.00 406.00 804.00 NOTE
r-oldrel-macos-x86_64 3.8.0 NOTE
r-oldrel-windows-ix86+x86_64 3.8.0 521.00 440.00 961.00 NOTE

Check Details

Version: 3.8.0
Check: installed package size
Result: NOTE
     installed size is 21.1Mb
     sub-directories of 1Mb or more:
     doc 3.0Mb
     libs 17.1Mb
Flavors: r-devel-linux-x86_64-fedora-clang, r-devel-windows-x86_64, r-release-macos-arm64, r-release-macos-x86_64, r-release-windows-ix86+x86_64, r-oldrel-macos-x86_64, r-oldrel-windows-ix86+x86_64

Version: 3.8.0
Check: package dependencies
Result: ERROR
    Package required but not available: ‘glmmTMB’
    
    See section ‘The DESCRIPTION file’ in the ‘Writing R Extensions’
    manual.
Flavor: r-patched-solaris-x86