CRAN Package Check Results for Package leastcostpath

Last updated on 2021-09-24 23:53:52 CEST.

Flavor Version Tinstall Tcheck Ttotal Status Flags
r-devel-linux-x86_64-debian-clang 1.8.0 18.43 235.61 254.04 NOTE
r-devel-linux-x86_64-debian-gcc 1.8.0 13.34 183.78 197.12 NOTE
r-devel-linux-x86_64-fedora-clang 1.8.0 298.77 NOTE
r-devel-linux-x86_64-fedora-gcc 1.8.0 295.54 NOTE
r-devel-windows-x86_64 1.8.0 18.00 201.00 219.00 NOTE
r-devel-windows-x86_64-gcc10-UCRT 1.8.0 NOTE
r-patched-linux-x86_64 1.8.0 15.99 229.31 245.30 NOTE
r-patched-solaris-x86 1.8.0 308.70 NOTE
r-release-linux-x86_64 1.8.0 15.47 228.38 243.85 NOTE
r-release-macos-arm64 1.8.0 NOTE
r-release-macos-x86_64 1.8.0 NOTE
r-release-windows-ix86+x86_64 1.8.0 36.00 197.00 233.00 NOTE
r-oldrel-macos-x86_64 1.8.0 OK
r-oldrel-windows-ix86+x86_64 1.8.0 25.00 193.00 218.00 OK

Check Details

Version: 1.8.0
Check: LazyData
Result: NOTE
     'LazyData' is specified without a 'data' directory
Flavors: r-devel-linux-x86_64-debian-clang, r-devel-linux-x86_64-debian-gcc, r-devel-linux-x86_64-fedora-clang, r-devel-linux-x86_64-fedora-gcc, r-devel-windows-x86_64, r-devel-windows-x86_64-gcc10-UCRT, r-patched-linux-x86_64, r-patched-solaris-x86, r-release-linux-x86_64, r-release-macos-arm64, r-release-macos-x86_64, r-release-windows-ix86+x86_64