CRAN Package Check Results for Package learnr

Last updated on 2022-09-26 23:58:17 CEST.

Flavor Version Tinstall Tcheck Ttotal Status Flags
r-devel-linux-x86_64-debian-clang 0.10.1 8.42 89.25 97.67 NOTE
r-devel-linux-x86_64-debian-gcc 0.10.1 5.76 67.23 72.99 NOTE
r-devel-linux-x86_64-fedora-clang 0.10.1 127.37 NOTE
r-devel-linux-x86_64-fedora-gcc 0.10.1 130.81 NOTE
r-devel-windows-x86_64 0.10.1 62.00 120.00 182.00 NOTE
r-patched-linux-x86_64 0.10.1 6.12 85.09 91.21 NOTE
r-release-linux-x86_64 0.10.1 7.26 83.38 90.64 NOTE
r-release-macos-arm64 0.10.1 39.00 NOTE
r-release-macos-x86_64 0.10.1 58.00 NOTE
r-release-windows-x86_64 0.10.1 89.00 123.00 212.00 NOTE
r-oldrel-macos-arm64 0.10.1 47.00 NOTE
r-oldrel-macos-x86_64 0.10.1 62.00 NOTE
r-oldrel-windows-ix86+x86_64 0.10.1 17.00 129.00 146.00 NOTE

Check Details

Version: 0.10.1
Check: LazyData
Result: NOTE
     'LazyData' is specified without a 'data' directory
Flavors: r-devel-linux-x86_64-debian-clang, r-devel-linux-x86_64-debian-gcc, r-devel-linux-x86_64-fedora-clang, r-devel-linux-x86_64-fedora-gcc, r-devel-windows-x86_64, r-patched-linux-x86_64, r-release-linux-x86_64, r-release-macos-arm64, r-release-macos-x86_64, r-release-windows-x86_64, r-oldrel-macos-arm64, r-oldrel-macos-x86_64, r-oldrel-windows-ix86+x86_64