CRAN Package Check Results for Package leaflet.providers

Last updated on 2022-01-21 23:48:50 CET.

Flavor Version Tinstall Tcheck Ttotal Status Flags
r-devel-linux-x86_64-debian-clang 1.9.0 1.54 31.02 32.56 NOTE
r-devel-linux-x86_64-debian-gcc 1.9.0 1.51 23.41 24.92 NOTE
r-devel-linux-x86_64-fedora-clang 1.9.0 40.32 NOTE
r-devel-linux-x86_64-fedora-gcc 1.9.0 28.71 NOTE
r-devel-windows-x86_64-new-UL 1.9.0 66.00 48.00 114.00 NOTE
r-devel-windows-x86_64-new-TK 1.9.0 NOTE
r-patched-linux-x86_64 1.9.0 1.71 29.15 30.86 NOTE
r-release-linux-x86_64 1.9.0 1.68 28.90 30.58 NOTE
r-release-macos-arm64 1.9.0 NOTE
r-release-macos-x86_64 1.9.0 NOTE
r-release-windows-ix86+x86_64 1.9.0 5.00 37.00 42.00 NOTE
r-oldrel-macos-x86_64 1.9.0 OK
r-oldrel-windows-ix86+x86_64 1.9.0 5.00 38.00 43.00 OK

Check Details

Version: 1.9.0
Check: LazyData
Result: NOTE
     'LazyData' is specified without a 'data' directory
Flavors: r-devel-linux-x86_64-debian-clang, r-devel-linux-x86_64-debian-gcc, r-devel-linux-x86_64-fedora-clang, r-devel-linux-x86_64-fedora-gcc, r-devel-windows-x86_64-new-UL, r-devel-windows-x86_64-new-TK, r-patched-linux-x86_64, r-release-linux-x86_64, r-release-macos-arm64, r-release-macos-x86_64, r-release-windows-ix86+x86_64