Last updated on 2023-05-30 00:59:48 CEST.
Flavor | Version | Tinstall | Tcheck | Ttotal | Status | Flags |
---|---|---|---|---|---|---|
r-devel-linux-x86_64-debian-clang | 1.0.0 | 5.88 | 40.76 | 46.64 | NOTE | |
r-devel-linux-x86_64-debian-gcc | 1.0.0 | 4.12 | 31.31 | 35.43 | NOTE | |
r-devel-linux-x86_64-fedora-clang | 1.0.0 | 57.34 | NOTE | |||
r-devel-linux-x86_64-fedora-gcc | 1.0.0 | 55.89 | NOTE | |||
r-devel-windows-x86_64 | 1.0.0 | 8.00 | 61.00 | 69.00 | NOTE | |
r-patched-linux-x86_64 | 1.0.0 | 9.24 | 39.78 | 49.02 | NOTE | |
r-release-linux-x86_64 | 1.0.0 | 4.36 | 39.60 | 43.96 | NOTE | |
r-release-macos-arm64 | 1.0.0 | 24.00 | NOTE | |||
r-release-macos-x86_64 | 1.0.0 | 32.00 | NOTE | |||
r-release-windows-x86_64 | 1.0.0 | 9.00 | 61.00 | 70.00 | NOTE | |
r-oldrel-macos-arm64 | 1.0.0 | 22.00 | NOTE | |||
r-oldrel-macos-x86_64 | 1.0.0 | 46.00 | NOTE | |||
r-oldrel-windows-x86_64 | 1.0.0 | 10.00 | 61.00 | 71.00 | NOTE |
Version: 1.0.0
Check: LazyData
Result: NOTE
'LazyData' is specified without a 'data' directory
Flavors: r-devel-linux-x86_64-debian-clang, r-devel-linux-x86_64-debian-gcc, r-devel-linux-x86_64-fedora-clang, r-devel-linux-x86_64-fedora-gcc, r-devel-windows-x86_64, r-patched-linux-x86_64, r-release-linux-x86_64, r-release-macos-arm64, r-release-macos-x86_64, r-release-windows-x86_64, r-oldrel-macos-arm64, r-oldrel-macos-x86_64, r-oldrel-windows-x86_64