CRAN Package Check Results for Package leafgl

Last updated on 2022-10-06 23:56:11 CEST.

Flavor Version Tinstall Tcheck Ttotal Status Flags
r-devel-linux-x86_64-debian-clang 0.1.1 4.19 44.87 49.06 NOTE
r-devel-linux-x86_64-debian-gcc 0.1.1 3.38 34.68 38.06 NOTE
r-devel-linux-x86_64-fedora-clang 0.1.1 71.84 NOTE
r-devel-linux-x86_64-fedora-gcc 0.1.1 67.93 NOTE
r-devel-windows-x86_64 0.1.1 33.00 75.00 108.00 NOTE
r-patched-linux-x86_64 0.1.1 3.56 42.89 46.45 NOTE
r-release-linux-x86_64 0.1.1 2.65 44.27 46.92 NOTE
r-release-macos-arm64 0.1.1 20.00 NOTE
r-release-macos-x86_64 0.1.1 41.00 NOTE
r-release-windows-x86_64 0.1.1 28.00 72.00 100.00 NOTE
r-oldrel-macos-arm64 0.1.1 29.00 NOTE
r-oldrel-macos-x86_64 0.1.1 33.00 NOTE
r-oldrel-windows-ix86+x86_64 0.1.1 11.00 69.00 80.00 NOTE

Check Details

Version: 0.1.1
Check: LazyData
Result: NOTE
     'LazyData' is specified without a 'data' directory
Flavors: r-devel-linux-x86_64-debian-clang, r-devel-linux-x86_64-debian-gcc, r-devel-linux-x86_64-fedora-clang, r-devel-linux-x86_64-fedora-gcc, r-devel-windows-x86_64, r-patched-linux-x86_64, r-release-linux-x86_64, r-release-macos-arm64, r-release-macos-x86_64, r-release-windows-x86_64, r-oldrel-macos-arm64, r-oldrel-macos-x86_64, r-oldrel-windows-ix86+x86_64