CRAN Package Check Results for Package leafem

Last updated on 2021-09-19 23:50:15 CEST.

Flavor Version Tinstall Tcheck Ttotal Status Flags
r-devel-linux-x86_64-debian-clang 0.1.6 12.96 116.77 129.73 OK
r-devel-linux-x86_64-debian-gcc 0.1.6 11.10 86.61 97.71 OK
r-devel-linux-x86_64-fedora-clang 0.1.6 158.64 OK
r-devel-linux-x86_64-fedora-gcc 0.1.6 144.30 OK
r-devel-windows-x86_64 0.1.6 14.00 100.00 114.00 OK
r-devel-windows-x86_64-gcc10-UCRT 0.1.6 ERROR
r-patched-linux-x86_64 0.1.6 18.23 109.04 127.27 OK
r-patched-solaris-x86 0.1.6 214.70 OK
r-release-linux-x86_64 0.1.6 14.59 108.42 123.01 OK
r-release-macos-arm64 0.1.6 OK
r-release-macos-x86_64 0.1.6 OK
r-release-windows-ix86+x86_64 0.1.6 29.00 101.00 130.00 OK
r-oldrel-macos-x86_64 0.1.6 OK
r-oldrel-windows-ix86+x86_64 0.1.6 31.00 98.00 129.00 OK

Check Details

Version: 0.1.6
Check: whether package can be installed
Result: WARN
    Found the following significant warnings:
     WARNING: installation-time patches will not be applied, could not get the patches index
Flavor: r-devel-windows-x86_64-gcc10-UCRT

Version: 0.1.6
Check: PDF version of manual
Result: WARN
    LaTeX errors when creating PDF version.
    This typically indicates Rd problems.
Flavor: r-devel-windows-x86_64-gcc10-UCRT

Version: 0.1.6
Check: PDF version of manual without hyperrefs or index
Result: ERROR
    Re-running with no redirection of stdout/stderr.
Flavor: r-devel-windows-x86_64-gcc10-UCRT