CRAN Package Check Results for Package lcmm

Last updated on 2021-05-06 23:49:36 CEST.

Flavor Version Tinstall Tcheck Ttotal Status Flags
r-devel-linux-x86_64-debian-clang 1.9.2 109.68 427.81 537.49 OK
r-devel-linux-x86_64-debian-gcc 1.9.2 95.71 292.06 387.77 OK
r-devel-linux-x86_64-fedora-clang 1.9.2 689.14 OK
r-devel-linux-x86_64-fedora-gcc 1.9.2 680.73 OK
r-devel-windows-ix86+x86_64 1.9.2 204.00 558.00 762.00 NOTE
r-devel-windows-x86_64-gcc10-UCRT 1.9.2 OK
r-patched-linux-x86_64 1.9.2 111.56 413.67 525.23 OK
r-patched-solaris-x86 1.9.2 1064.90 NOTE
r-release-linux-x86_64 1.9.2 101.10 396.99 498.09 OK
r-release-macos-x86_64 1.9.2 OK
r-release-windows-ix86+x86_64 1.9.2 182.00 457.00 639.00 NOTE
r-oldrel-macos-x86_64 1.9.2 OK
r-oldrel-windows-ix86+x86_64 1.9.2 224.00 543.00 767.00 OK

Check Details

Version: 1.9.2
Check: installed package size
Result: NOTE
     installed size is 5.0Mb
     sub-directories of 1Mb or more:
     R 1.1Mb
     libs 2.6Mb
Flavors: r-devel-windows-ix86+x86_64, r-patched-solaris-x86, r-release-windows-ix86+x86_64