Last updated on 2023-01-26 23:55:54 CET.
Flavor | Version | Tinstall | Tcheck | Ttotal | Status | Flags |
---|---|---|---|---|---|---|
r-devel-linux-x86_64-debian-clang | 0.1-2 | 24.97 | 158.73 | 183.70 | OK | |
r-devel-linux-x86_64-debian-gcc | 0.1-2 | 19.54 | 115.31 | 134.85 | OK | |
r-devel-linux-x86_64-fedora-clang | 0.1-2 | 245.52 | OK | |||
r-devel-linux-x86_64-fedora-gcc | 0.1-2 | 251.28 | NOTE | |||
r-devel-windows-x86_64 | 0.1-2 | 41.00 | 239.00 | 280.00 | OK | |
r-patched-linux-x86_64 | 0.1-2 | 23.33 | 155.63 | 178.96 | OK | |
r-release-linux-x86_64 | 0.1-2 | 20.69 | 153.57 | 174.26 | OK | |
r-release-macos-arm64 | 0.1-2 | 54.00 | OK | |||
r-release-macos-x86_64 | 0.1-2 | 83.00 | OK | |||
r-release-windows-x86_64 | 0.1-2 | 32.00 | 239.00 | 271.00 | OK | |
r-oldrel-macos-arm64 | 0.1-2 | 65.00 | OK | |||
r-oldrel-macos-x86_64 | 0.1-2 | 108.00 | OK | |||
r-oldrel-windows-ix86+x86_64 | 0.1-2 | 69.00 | 330.00 | 399.00 | OK |
Version: 0.1-2
Check: C++ specification
Result: NOTE
Specified C++11: please update to current default of C++17
Flavor: r-devel-linux-x86_64-fedora-gcc