CRAN Package Check Results for Package latticeDensity

Last updated on 2021-09-23 23:50:10 CEST.

Flavor Version Tinstall Tcheck Ttotal Status Flags
r-devel-linux-x86_64-debian-clang 1.2.6 20.13 287.87 308.00 OK
r-devel-linux-x86_64-debian-gcc 1.2.6 15.78 217.51 233.29 OK
r-devel-linux-x86_64-fedora-clang 1.2.6 376.23 NOTE
r-devel-linux-x86_64-fedora-gcc 1.2.6 363.35 NOTE
r-devel-windows-x86_64 1.2.6 22.00 251.00 273.00 OK
r-devel-windows-x86_64-gcc10-UCRT 1.2.6 NOTE
r-patched-linux-x86_64 1.2.6 18.97 263.91 282.88 OK
r-patched-solaris-x86 1.2.6 649.90 NOTE
r-release-linux-x86_64 1.2.6 18.70 266.83 285.53 OK
r-release-macos-arm64 1.2.6 NOTE
r-release-macos-x86_64 1.2.6 NOTE
r-release-windows-ix86+x86_64 1.2.6 49.00 228.00 277.00 OK
r-oldrel-macos-x86_64 1.2.6 NOTE
r-oldrel-windows-ix86+x86_64 1.2.6 36.00 230.00 266.00 OK

Check Details

Version: 1.2.6
Check: dependencies in R code
Result: NOTE
    Namespace in Imports field not imported from: ‘sf’
     All declared Imports should be used.
Flavors: r-devel-linux-x86_64-fedora-clang, r-devel-linux-x86_64-fedora-gcc, r-devel-windows-x86_64-gcc10-UCRT, r-patched-solaris-x86, r-release-macos-arm64, r-release-macos-x86_64, r-oldrel-macos-x86_64