Last updated on 2023-02-06 23:55:49 CET.
Flavor | Version | Tinstall | Tcheck | Ttotal | Status | Flags |
---|---|---|---|---|---|---|
r-devel-linux-x86_64-debian-clang | 1.1 | 41.08 | 81.62 | 122.70 | NOTE | |
r-devel-linux-x86_64-debian-gcc | 1.1 | 28.31 | 62.42 | 90.73 | NOTE | |
r-devel-linux-x86_64-fedora-clang | 1.1 | 159.05 | NOTE | |||
r-devel-linux-x86_64-fedora-gcc | 1.1 | 146.74 | NOTE | |||
r-devel-windows-x86_64 | 1.1 | 44.00 | 126.00 | 170.00 | NOTE | |
r-patched-linux-x86_64 | 1.1 | 35.02 | 79.03 | 114.05 | OK | |
r-release-linux-x86_64 | 1.1 | 33.91 | 78.20 | 112.11 | OK | |
r-release-macos-arm64 | 1.1 | 41.00 | OK | |||
r-release-macos-x86_64 | 1.1 | 58.00 | OK | |||
r-release-windows-x86_64 | 1.1 | 57.00 | 145.00 | 202.00 | OK | |
r-oldrel-macos-arm64 | 1.1 | 49.00 | OK | |||
r-oldrel-macos-x86_64 | 1.1 | 61.00 | OK | |||
r-oldrel-windows-ix86+x86_64 | 1.1 | 89.00 | 157.00 | 246.00 | OK |
Version: 1.1
Check: C++ specification
Result: NOTE
Specified C++11: please update to current default of C++17
Flavors: r-devel-linux-x86_64-debian-clang, r-devel-linux-x86_64-debian-gcc, r-devel-linux-x86_64-fedora-clang, r-devel-linux-x86_64-fedora-gcc, r-devel-windows-x86_64