CRAN Package Check Results for Package landmap

Last updated on 2021-09-27 23:50:43 CEST.

Flavor Version Tinstall Tcheck Ttotal Status Flags
r-devel-linux-x86_64-debian-clang 0.0.11 11.94 115.64 127.58 OK
r-devel-linux-x86_64-debian-gcc 0.0.11 11.07 86.80 97.87 OK
r-devel-linux-x86_64-fedora-clang 0.0.11 156.62 NOTE
r-devel-linux-x86_64-fedora-gcc 0.0.11 145.69 NOTE
r-devel-windows-x86_64 0.0.11 13.00 102.00 115.00 OK
r-devel-windows-x86_64-gcc10-UCRT 0.0.11 NOTE
r-patched-linux-x86_64 0.0.11 13.53 108.03 121.56 OK
r-patched-solaris-x86 0.0.11 213.00 NOTE
r-release-linux-x86_64 0.0.11 11.27 108.54 119.81 OK
r-release-macos-arm64 0.0.11 NOTE
r-release-macos-x86_64 0.0.11 NOTE
r-release-windows-ix86+x86_64 0.0.11 26.00 100.00 126.00 OK
r-oldrel-macos-x86_64 0.0.11 NOTE
r-oldrel-windows-ix86+x86_64 0.0.11 18.00 104.00 122.00 OK

Additional issues

donttest M1mac noSuggests

Check Details

Version: 0.0.11
Check: data for non-ASCII characters
Result: NOTE
     Note: found 23 marked UTF-8 strings
Flavors: r-devel-linux-x86_64-fedora-clang, r-devel-linux-x86_64-fedora-gcc, r-devel-windows-x86_64-gcc10-UCRT, r-patched-solaris-x86, r-release-macos-arm64, r-release-macos-x86_64, r-oldrel-macos-x86_64