CRAN Package Check Results for Package lagsarlmtree

Last updated on 2021-10-27 23:50:29 CEST.

Flavor Version Tinstall Tcheck Ttotal Status Flags
r-devel-linux-x86_64-debian-clang 1.0-1 29.09 285.10 314.19 OK
r-devel-linux-x86_64-debian-gcc 1.0-1 27.12 215.83 242.95 OK
r-devel-linux-x86_64-fedora-clang 1.0-1 382.26 NOTE
r-devel-linux-x86_64-fedora-gcc 1.0-1 374.42 OK
r-devel-windows-x86_64 1.0-1 48.00 225.00 273.00 NOTE
r-devel-windows-x86_64-gcc10-UCRT 1.0-1 OK
r-patched-linux-x86_64 1.0-1 26.42 274.76 301.18 OK
r-patched-solaris-x86 1.0-1 498.20 NOTE
r-release-linux-x86_64 1.0-1 30.09 275.63 305.72 OK
r-release-macos-arm64 1.0-1 NOTE
r-release-macos-x86_64 1.0-1 NOTE
r-release-windows-ix86+x86_64 1.0-1 53.00 305.00 358.00 NOTE
r-oldrel-macos-x86_64 1.0-1 NOTE
r-oldrel-windows-ix86+x86_64 1.0-1 56.00 314.00 370.00 NOTE

Check Details

Version: 1.0-1
Check: installed package size
Result: NOTE
     installed size is 8.4Mb
     sub-directories of 1Mb or more:
     data 8.3Mb
Flavors: r-devel-linux-x86_64-fedora-clang, r-devel-windows-x86_64, r-patched-solaris-x86, r-release-macos-arm64, r-release-macos-x86_64, r-release-windows-ix86+x86_64, r-oldrel-macos-x86_64, r-oldrel-windows-ix86+x86_64

Version: 1.0-1
Check: Rd cross-references
Result: NOTE
    Undeclared package ‘spdep’ in Rd xrefs
Flavor: r-devel-linux-x86_64-fedora-clang