CRAN Package Check Results for Package lacrmr

Last updated on 2023-05-29 00:59:36 CEST.

Flavor Version Tinstall Tcheck Ttotal Status Flags
r-devel-linux-x86_64-debian-clang 1.0.5 4.73 45.70 50.43 OK
r-devel-linux-x86_64-debian-gcc 1.0.5 4.00 35.38 39.38 OK
r-devel-linux-x86_64-fedora-clang 1.0.5 66.84 NOTE
r-devel-linux-x86_64-fedora-gcc 1.0.5 75.88 NOTE
r-devel-windows-x86_64 1.0.5 6.00 58.00 64.00 OK
r-patched-linux-x86_64 1.0.5 2.90 43.91 46.81 OK
r-release-linux-x86_64 1.0.5 4.68 44.13 48.81 OK
r-release-macos-arm64 1.0.5 28.00 OK
r-release-macos-x86_64 1.0.5 37.00 OK
r-release-windows-x86_64 1.0.5 7.00 62.00 69.00 OK
r-oldrel-macos-arm64 1.0.5 30.00 NOTE
r-oldrel-macos-x86_64 1.0.5 37.00 NOTE
r-oldrel-windows-x86_64 1.0.5 6.00 67.00 73.00 OK

Check Details

Version: 1.0.5
Check: dependencies in R code
Result: NOTE
    Namespace in Imports field not imported from: ‘stringr’
     All declared Imports should be used.
Flavors: r-devel-linux-x86_64-fedora-clang, r-devel-linux-x86_64-fedora-gcc, r-oldrel-macos-arm64, r-oldrel-macos-x86_64