CRAN Package Check Results for Package labelrank

Last updated on 2022-01-20 23:52:18 CET.

Flavor Version Tinstall Tcheck Ttotal Status Flags
r-devel-linux-x86_64-debian-clang 0.1 NOTE
r-devel-linux-x86_64-debian-gcc 0.1 1.56 26.92 28.48 NOTE
r-devel-linux-x86_64-fedora-clang 0.1 45.20 OK
r-devel-linux-x86_64-fedora-gcc 0.1 34.13 OK
r-devel-windows-x86_64-new-UL 0.1 35.00 60.00 95.00 NOTE
r-devel-windows-x86_64-new-TK 0.1 OK
r-patched-linux-x86_64 0.1 2.17 31.95 34.12 NOTE
r-release-linux-x86_64 0.1 1.95 32.00 33.95 NOTE
r-release-macos-arm64 0.1 OK
r-release-macos-x86_64 0.1 OK
r-release-windows-ix86+x86_64 0.1 6.00 41.00 47.00 NOTE
r-oldrel-macos-x86_64 0.1 OK
r-oldrel-windows-ix86+x86_64 0.1 5.00 43.00 48.00 NOTE

Check Details

Version: 0.1
Check: package vignettes
Result: NOTE
    Package vignette with placeholder title 'Vignette Title':
     'labelrank.Rmd'
Flavors: r-devel-linux-x86_64-debian-clang, r-devel-linux-x86_64-debian-gcc, r-devel-windows-x86_64-new-UL, r-patched-linux-x86_64, r-release-linux-x86_64, r-release-windows-ix86+x86_64, r-oldrel-windows-ix86+x86_64